{"id":525,"date":"2020-02-06T10:58:59","date_gmt":"2020-02-06T10:58:59","guid":{"rendered":"https:\/\/la-marque.org\/?page_id=525"},"modified":"2020-04-08T05:58:41","modified_gmt":"2020-04-08T05:58:41","slug":"bloc-marque-du-royaume-uni","status":"publish","type":"page","link":"https:\/\/la-marque.org\/index.php\/bloc-marque-du-royaume-uni\/","title":{"rendered":"Bloc Marque du Royaume-Uni"},"content":{"rendered":"\n<h4 class=\"has-text-align-center wp-block-heading\">\nDrapeau<br><\/h4>\n\n\n\n<p class=\"has-text-align-center\"><img loading=\"lazy\" decoding=\"async\" width=\"150\" height=\"75\" class=\"wp-image-528\" style=\"width: 150px;\" src=\"https:\/\/la-marque.org\/wp-content\/uploads\/2020\/02\/flaguk.gif\" alt=\"\">\u200b<br><\/p>\n\n\n\n<h4 class=\"has-text-align-center wp-block-heading\">Armoiries Royales<\/h4>\n\n\n\n<p class=\"has-text-align-center\">\u200b<img loading=\"lazy\" decoding=\"async\" width=\"90\" height=\"83\" class=\"wp-image-529\" style=\"width: 90px;\" src=\"https:\/\/la-marque.org\/wp-content\/uploads\/2020\/02\/armoiriesUK.gif\" alt=\"\"><\/p>\n\n\n\n<p><strong>Devise<\/strong> :&nbsp;Dieu et mon droit<\/p>\n\n\n\n<p>Le<strong> drapeau<\/strong> de l&rsquo;Union, ou \u00ab\u00a0Union Jack\u00a0\u00bb, est le drapeau national du Royaume-Uni. On l&rsquo;appelle ainsi parce qu&rsquo;il combine les embl\u00e8mes de trois pays sous le m\u00eame souverain &#8211; les royaumes d&rsquo;Angleterre, du Pays de Galles, d&rsquo;Ecosse et d&rsquo;Irlande\u00a0(l&rsquo;Irlande du Nord fait partie du Royaume-Uni depuis seulement 1921). Le drapeau se compose de trois symboles h\u00e9raldiques en formes de croix. La croix de Saint George, saint patron de l&rsquo;Angleterre depuis les ann\u00e9es 1270, se pr\u00e9sente sous la forme d&rsquo;une croix rouge sur fond blanc. Apr\u00e8s que James Ier eut acc\u00e9d\u00e9 au tr\u00f4ne, le dessin du drapeau fusionna avec la croix de Saint Andr\u00e9 en 1606. La croix en sautoir de Saint-Andr\u00e9, Saint patron de l&rsquo;Ecosse, est une croix blanche en diagonale sur fond bleu.<\/p>\n\n\n\n<figure class=\"wp-block-table\"><table><tbody><tr><td>Country<\/td><td>Capital<\/td><td>Emblem<\/td><td>Flag<\/td><\/tr><tr><td>England<\/td><td>London<\/td><td>Rose<\/td><td>St George&rsquo;s cross<\/td><\/tr><tr><td>Scotland<\/td><td>Edimburgh<\/td><td>Thistle (chardon)<\/td><td>St Andrew&rsquo;s cross<\/td><\/tr><tr><td>Wales<\/td><td>Cardiff<\/td><td>Leek (poireau)<\/td><td>Red Dragon<\/td><\/tr><tr><td>Northern<br>Ireland<\/td><td>Belfast<\/td><td>Shamrock\/Harp (tr\u00e8fle)<\/td><td>St Patrick&rsquo;s Saltire<\/td><\/tr><\/tbody><\/table><\/figure>\n\n\n\n<p>Mise \u00e0 jour : 8 avril 2020<\/p>\n","protected":false},"excerpt":{"rendered":"<p>Drapeau \u200b Armoiries Royales \u200b Devise :&nbsp;Dieu et mon droit Le drapeau de l&rsquo;Union, ou \u00ab\u00a0Union Jack\u00a0\u00bb, est le drapeau national du Royaume-Uni. On l&rsquo;appelle ainsi parce qu&rsquo;il combine les embl\u00e8mes de trois pays sous le m\u00eame souverain &#8211; les royaumes d&rsquo;Angleterre, du Pays de Galles, d&rsquo;Ecosse et d&rsquo;Irlande\u00a0(l&rsquo;Irlande du Nord fait partie du Royaume-Uni [&hellip;]<\/p>\n","protected":false},"author":1,"featured_media":0,"parent":0,"menu_order":0,"comment_status":"closed","ping_status":"closed","template":"","meta":{"footnotes":""},"class_list":["post-525","page","type-page","status-publish","hentry"],"_links":{"self":[{"href":"https:\/\/la-marque.org\/index.php\/wp-json\/wp\/v2\/pages\/525","targetHints":{"allow":["GET"]}}],"collection":[{"href":"https:\/\/la-marque.org\/index.php\/wp-json\/wp\/v2\/pages"}],"about":[{"href":"https:\/\/la-marque.org\/index.php\/wp-json\/wp\/v2\/types\/page"}],"author":[{"embeddable":true,"href":"https:\/\/la-marque.org\/index.php\/wp-json\/wp\/v2\/users\/1"}],"replies":[{"embeddable":true,"href":"https:\/\/la-marque.org\/index.php\/wp-json\/wp\/v2\/comments?post=525"}],"version-history":[{"count":3,"href":"https:\/\/la-marque.org\/index.php\/wp-json\/wp\/v2\/pages\/525\/revisions"}],"predecessor-version":[{"id":707,"href":"https:\/\/la-marque.org\/index.php\/wp-json\/wp\/v2\/pages\/525\/revisions\/707"}],"wp:attachment":[{"href":"https:\/\/la-marque.org\/index.php\/wp-json\/wp\/v2\/media?parent=525"}],"curies":[{"name":"wp","href":"https:\/\/api.w.org\/{rel}","templated":true}]}}