{"id":478,"date":"2020-02-04T12:07:57","date_gmt":"2020-02-04T12:07:57","guid":{"rendered":"https:\/\/la-marque.org\/?page_id=478"},"modified":"2020-02-04T12:07:57","modified_gmt":"2020-02-04T12:07:57","slug":"bloc-marque-national-allemagne","status":"publish","type":"page","link":"https:\/\/la-marque.org\/index.php\/bloc-marque-national-allemagne\/","title":{"rendered":"Bloc Marque national : Allemagne"},"content":{"rendered":"\n<h4 class=\"has-text-align-center wp-block-heading\">Drapeau<br><\/h4>\n\n\n\n<div class=\"wp-block-image\"><figure class=\"aligncenter size-large\"><img loading=\"lazy\" decoding=\"async\" width=\"128\" height=\"91\" src=\"https:\/\/la-marque.org\/wp-content\/uploads\/2020\/02\/flagall-1.gif\" alt=\"\" class=\"wp-image-483\"\/><\/figure><\/div>\n\n\n\n<h4 class=\"has-text-align-center wp-block-heading\">Blason<\/h4>\n\n\n\n<div class=\"wp-block-image is-style-default\"><figure class=\"aligncenter size-large\"><img loading=\"lazy\" decoding=\"async\" width=\"72\" height=\"91\" src=\"https:\/\/la-marque.org\/wp-content\/uploads\/2020\/02\/ecuall-1.gif\" alt=\"\" class=\"wp-image-484\"\/><\/figure><\/div>\n\n\n\n<p>\u200b<\/p>\n\n\n\n<p><strong>Devise<\/strong> : Unit\u00e9, droit et libert\u00e9 (Einigkeit und Recht und Freiheit)<\/p>\n\n\n\n<ul class=\"wp-block-list\"><li>Le <strong>drapeau<\/strong> de la R\u00e9publique F\u00e9d\u00e9rale allemande se compose de trois bandes de couleurs: noir, rouge et or, d&rsquo;\u00e9gales dimensions. Ces couleurs datent du moyen-\u00e2ge, du temps des empereurs. Elles r\u00e9apparurent dans la guerre contre Napol\u00e9on quand un corps d&rsquo;arm\u00e9e compos\u00e9 de volontaires, lev\u00e9 dans toutes les provinces allemandes adopta l&rsquo;uniforme noir avec des galons rouges et des boutons or.<br>Par la suite les organisations \u00e9tudiantes pour la r\u00e9unification de l&rsquo;Allemagne, utilis\u00e8rent ces couleurs pour leurs banderolles. Lors de leur premi\u00e8re tentative pour cr\u00e9er une Allemagne d\u00e9mocratique et unifi\u00e9e, les chefs de la r\u00e9volution de 1848 adopt\u00e8rent le drapeau tricolore lors d&rsquo;une s\u00e9ance \u00e0 l&rsquo;Assembl\u00e9e Nationale &#8211; le Parlement de Francfort. Mais en fait le drapeau n&rsquo;a pas \u00e9t\u00e9 utilis\u00e9 avant 1918, ann\u00e9e \u00e0 laquelle il fut officiellement adopt\u00e9 par l&rsquo;Assembl\u00e9e Nationale Allemande de la R\u00e9publique d\u00e9mocratique de Weimar. Hitler, \u00e0 son arriv\u00e9e au pouvoir en 1933, l&rsquo;abolit. Ce n&rsquo;est qu&rsquo;en 1950 que le Parlement Allemand le repris comme symbole pour la R\u00e9publique F\u00e9d\u00e9rale d&rsquo;Allemagne.<\/li><li>Le <strong>blason<\/strong> de la R\u00e9publique F\u00e9d\u00e9rale d&rsquo;Allemagne se compose d&rsquo;un aigle noir au bec et aux pattes rouges sur un fond or. L&rsquo;aigle d\u00e9corait dans l&rsquo;antiquit\u00e9 le b\u00e2ton de commandeur du premier empereur Romain, Augustus. Ensuite, il est devenu le symbole de la souverainet\u00e9 des empereurs Romains. Apr\u00e8s le d\u00e9clin de Rome, l&rsquo;aigle r\u00e9apparu sur les armoiries des rois qui domin\u00e8rent l&rsquo;Europe au moyen-\u00e2ge.<br>Charlemagne est le premier roi des Francs qui unit dans un vaste empire les Germains \u00e0 d&rsquo;autres peuples europ\u00e9ens, la statue d&rsquo;un aigle est install\u00e9e sur le fa\u00eete de sa r\u00e9sidence \u00e0 Aix-la-Chapelle. Subs\u00e9quemment, apr\u00e8s que l&#8217;empire fut divis\u00e9 entre la France et le Saint Empire Romain Germanique -qui inclut tous les peuples germains- la double t\u00eate de l&rsquo;aigle noir sur un blason d&rsquo;or resta le sceau des empereurs germains et romains. En 1848, cette double t\u00eate d&rsquo;aigle fut de nouveau utilis\u00e9e comme le symbole de l&rsquo;unit\u00e9 des germains. Quand l&rsquo;Allemagne fut finalement unifi\u00e9e en 1871, l&rsquo;aigle r\u00e9apparut comme insigne, mais cette fois avec une seule t\u00eate. En 1919, l&rsquo;aigle devient le sceau de la R\u00e9publique de Weimar et en 1950, la R\u00e9publique F\u00e9d\u00e9rale d&rsquo;Allemagne le reconduit comme symbole de l&rsquo;histoire et des traditions allemandes.<\/li><\/ul>\n","protected":false},"excerpt":{"rendered":"<p>Drapeau Blason \u200b Devise : Unit\u00e9, droit et libert\u00e9 (Einigkeit und Recht und Freiheit) Le drapeau de la R\u00e9publique F\u00e9d\u00e9rale allemande se compose de trois bandes de couleurs: noir, rouge et or, d&rsquo;\u00e9gales dimensions. Ces couleurs datent du moyen-\u00e2ge, du temps des empereurs. Elles r\u00e9apparurent dans la guerre contre Napol\u00e9on quand un corps d&rsquo;arm\u00e9e compos\u00e9 [&hellip;]<\/p>\n","protected":false},"author":1,"featured_media":0,"parent":0,"menu_order":0,"comment_status":"closed","ping_status":"closed","template":"","meta":{"footnotes":""},"class_list":["post-478","page","type-page","status-publish","hentry"],"_links":{"self":[{"href":"https:\/\/la-marque.org\/index.php\/wp-json\/wp\/v2\/pages\/478","targetHints":{"allow":["GET"]}}],"collection":[{"href":"https:\/\/la-marque.org\/index.php\/wp-json\/wp\/v2\/pages"}],"about":[{"href":"https:\/\/la-marque.org\/index.php\/wp-json\/wp\/v2\/types\/page"}],"author":[{"embeddable":true,"href":"https:\/\/la-marque.org\/index.php\/wp-json\/wp\/v2\/users\/1"}],"replies":[{"embeddable":true,"href":"https:\/\/la-marque.org\/index.php\/wp-json\/wp\/v2\/comments?post=478"}],"version-history":[{"count":1,"href":"https:\/\/la-marque.org\/index.php\/wp-json\/wp\/v2\/pages\/478\/revisions"}],"predecessor-version":[{"id":486,"href":"https:\/\/la-marque.org\/index.php\/wp-json\/wp\/v2\/pages\/478\/revisions\/486"}],"wp:attachment":[{"href":"https:\/\/la-marque.org\/index.php\/wp-json\/wp\/v2\/media?parent=478"}],"curies":[{"name":"wp","href":"https:\/\/api.w.org\/{rel}","templated":true}]}}