{"id":451,"date":"2020-02-03T12:21:45","date_gmt":"2020-02-03T12:21:45","guid":{"rendered":"https:\/\/la-marque.org\/?page_id=451"},"modified":"2026-02-13T15:52:32","modified_gmt":"2026-02-13T15:52:32","slug":"la-marque-sous-influence-lobbying-et-marketing-dinfluence","status":"publish","type":"page","link":"https:\/\/la-marque.org\/index.php\/la-marque-sous-influence-lobbying-et-marketing-dinfluence\/","title":{"rendered":"Lobbying et marketing d&rsquo;influence"},"content":{"rendered":"\n<p>L&rsquo;impact du lobbying sur les d\u00e9cisions reste flou. Si, en regardant les amendements on peut se faire une id\u00e9e sur les lobbys qui interviennent, par contre, on ne conna\u00eet pas la mani\u00e8re d&rsquo;arbitrer les choix. La loi Sapin 2 de 2016 appelle les lobbyistes des \u00ab\u00a0repr\u00e9sentants d&rsquo;int\u00e9r\u00eats\u00a0\u00bb. Cette loi leur a donn\u00e9 une forme de l\u00e9gitimit\u00e9 institutionnelle tout en leur fixant des obligations, en d&rsquo;autres termes la loi a normalis\u00e9 une pratique.<\/p>\n\n\n\n<h5 class=\"wp-block-heading\">Les raisons au lobbying<\/h5>\n\n\n\n<p>On pratique le lobbying aupr\u00e8s des autorit\u00e9s repr\u00e9sentatives parce que l&rsquo;on est concern\u00e9 par un texte l\u00e9gislatif, une directive ou une loi en pr\u00e9paration.<\/p>\n\n\n\n<h5 class=\"wp-block-heading\">Les objectifs du lobbying<\/h5>\n\n\n\n<p>Le lobbying s&#8217;emploie \u00e0 infl\u00e9chir, emp\u00eacher ou acc\u00e9l\u00e9rer les d\u00e9cisions publiques aupr\u00e8s des parlementaires, de la haute administration ou\/et de l&rsquo;ex\u00e9cutif.<\/p>\n\n\n\n<h5 class=\"wp-block-heading\">Les acteurs du lobbying<\/h5>\n\n\n\n<p>Parmi les acteurs du lobbying, citons les cabinets de conseil, les cabinets d&rsquo;avocats, les responsables des affaires publiques des entreprises, les ONG, les f\u00e9d\u00e9rations professionnelles, les associations&#8230; On notera aussi que le lobbying embauche d&rsquo;anciens cadres de l&rsquo;administration et de la politique (c\u00f4t\u00e9 r\u00e9gulateur) afin qu&rsquo;ils travaillent pour l&rsquo;industrie (c\u00f4t\u00e9 r\u00e9gul\u00e9), carnet d&rsquo;adresses et connaissances des milieux oblige.<\/p>\n\n\n\n<figure class=\"wp-block-image size-large\"><a href=\"https:\/\/fr.statista.com\/infographie\/17840\/entreprises-qui-depensent-le-plus-en-lobbying-aupres-de-l-ue\/\" target=\"_blank\" rel=\"noreferrer noopener\"><img loading=\"lazy\" decoding=\"async\" width=\"683\" height=\"1024\" src=\"https:\/\/la-marque.org\/wp-content\/uploads\/2024\/05\/17840-683x1024.jpeg\" alt=\"\" class=\"wp-image-2737\" srcset=\"https:\/\/la-marque.org\/wp-content\/uploads\/2024\/05\/17840-683x1024.jpeg 683w, https:\/\/la-marque.org\/wp-content\/uploads\/2024\/05\/17840-200x300.jpeg 200w, https:\/\/la-marque.org\/wp-content\/uploads\/2024\/05\/17840-768x1152.jpeg 768w, https:\/\/la-marque.org\/wp-content\/uploads\/2024\/05\/17840-1024x1536.jpeg 1024w, https:\/\/la-marque.org\/wp-content\/uploads\/2024\/05\/17840.jpeg 1200w\" sizes=\"auto, (max-width: 683px) 100vw, 683px\" \/><\/a><\/figure>\n\n\n\n<h5 class=\"wp-block-heading\">Le lobbying au travail<\/h5>\n\n\n\n<p>En amont, le travail r\u00e9side dans l&rsquo;identification des probl\u00e8mes, avant m\u00eame la l\u00e9gislation. Puis, suit un travail d&rsquo;explication au sein duquel on promeut ses propres normes et son propre code de conduite afin que la l\u00e9gislation r\u00e9solve les probl\u00e8mes plut\u00f4t qu&rsquo;elle n&rsquo;en cr\u00e9e de nouveaux.<\/p>\n\n\n\n<blockquote class=\"wp-block-quote is-layout-flow wp-block-quote-is-layout-flow\">\n<p><em>\u00ab\u00a0Si l&rsquo;influence sur la d\u00e9cision se fait par le biais d&rsquo;activit\u00e9s l\u00e9gales, d&rsquo;acteurs connus, elle repose aussi sur de l&rsquo;informel.\u00a0\u00bb<\/em><\/p>\n<\/blockquote>\n\n\n\n<p>On per\u00e7oit l&rsquo;activit\u00e9 du lobbying au travers des rapports produits par des <em>think tanks<\/em>, les campagnes d&rsquo;<em>e-mailing<\/em> qui prennent l&rsquo;apparence de campagnes citoyennes mais qui ne sont en fait que de l&rsquo;<em><a aria-label=\"astroturfing (s\u2019ouvre dans un nouvel onglet)\" href=\"https:\/\/fr.wikipedia.org\/wiki\/Astroturfing\" target=\"_blank\" rel=\"noreferrer noopener\">astroturfing<\/a><\/em>, l&rsquo;organisation de d\u00e9bats sponsoris\u00e9s, la publicit\u00e9. \u00c0 cela s&rsquo;ajoute les d\u00e9jeuners, les invitations diverses, etc., qui entretiennent un r\u00e9seau de bonnes relations que l&rsquo;on peut activer quand c&rsquo;est n\u00e9cessaire.<br>Les lobbyistes sont g\u00e9n\u00e9ralement membres d&rsquo;associations multiples. Ils r\u00e9digent ou font r\u00e9diger des argumentaires juridiques. Ils commandent des \u00e9tudes scientifiques(1) qu&rsquo;ils livrent aux d\u00e9cideurs afin d&rsquo;insuffler le doute. Producteurs de colloques, de rencontres d&rsquo;experts, ils mettent en lumi\u00e8re les aspects qui leur sont gr\u00e9 tout en s&#8217;employant \u00e0 saturer l&rsquo;espace m\u00e9diatique.<\/p>\n\n\n\n<h5 class=\"wp-block-heading\">Encadrer les pratiques du lobbying<\/h5>\n\n\n\n<p>Les relais utilis\u00e9s par les lobbyistes et les moyens financiers engag\u00e9s sont opaques, l&rsquo;in\u00e9galit\u00e9 de moyen est flagrante entre les repr\u00e9sentants de l&rsquo;industrie, du monde des affaires et les autres. Ces pratiques demanderaient plus de transparence, d&rsquo;\u00e9thique pour \u00e9viter que les int\u00e9r\u00eats priv\u00e9s priment sur les int\u00e9r\u00eats publics.<\/p>\n\n\n\n<p><em>Liens lobbying : <a href=\"https:\/\/la-marque.org\/index.php\/les-indicateurs-de-la-marque-org\/\">Les indicateurs de la-marque.org<\/a><\/em><\/p>\n\n\n\n<h5 class=\"wp-block-heading\">Les influenceurs, vecteurs du marketing d&rsquo;influence <em>on-line<\/em><\/h5>\n\n\n\n<p>Les Marques s&rsquo;int\u00e9ressent \u00e0 l&rsquo;avis, l&rsquo;opinion voir la croyance des consommateurs dans le but d&rsquo;augmenter le niveau d&rsquo;engagement de chacun d&rsquo;entre nous envers elles. Dans une conjoncture de d\u00e9fiance envers les Marques et le marketing, les Marques s&rsquo;interrogent sur le mode de relation qu&rsquo;elles peuvent entretenir avec leurs consommateurs qui leur permette de continuer de discuter avec eux. En cela, les relais d&rsquo;opinions que sont les influenceurs sur les r\u00e9seaux sociaux peuvent contribuer \u00e0 rassurer et cr\u00e9dibiliser leurs produits et leurs services. Les influenceurs par leurs expertises, leurs contenus et leurs actions orientent les opinions et les comportements des communaut\u00e9s. L\u00e0 o\u00f9 la c\u00e9l\u00e9brit\u00e9 s\u00e9duit par son image, l&rsquo;influenceur s\u00e9duit par son jugement motiv\u00e9. Celui-ci ou celle-l\u00e0 peuvent-\u00eatre de simples internautes comme des experts reconnus, mais ils peuvent aussi \u00eatre des collaborateurs, des employ\u00e9s, des clients ou des fournisseurs de la Marque. L&rsquo;affinit\u00e9 des influenceurs avec les Marques rel\u00e8vent d&rsquo;une convergence d&rsquo;int\u00e9r\u00eat. Particuli\u00e8rement utiles pour diffuser l&rsquo;information ils relaient les messages sur les r\u00e9seaux sociaux et participent aux tests produits.<br>Quels r\u00e9sultats en attendre ? Comment transformer du\u00a0<em>\u00ab\u00a0follow\u00a0\u00bb<\/em>, <em>\u00ab\u00a0like\u00a0\u00bb<\/em> et <em>\u00ab\u00a0share\u00a0\u00bb<\/em>, en adh\u00e9sion ? La popularit\u00e9 momentan\u00e9e g\u00e9n\u00e8re-t-elle de la valeur \u00e9conomique ? Permet-elle de construire une relation intime avec le public bas\u00e9e sur l&rsquo;engagement et l&rsquo;exp\u00e9rience partag\u00e9e, gage de confiance et de fid\u00e9lit\u00e9 accrue ?<\/p>\n\n\n\n<figure class=\"wp-block-image size-large\"><a href=\"https:\/\/fr.statista.com\/infographie\/24931\/marketing-influence-influenceurs-decisions-achat-consommateurs\/\"><img loading=\"lazy\" decoding=\"async\" width=\"910\" height=\"1024\" src=\"https:\/\/la-marque.org\/wp-content\/uploads\/2023\/10\/24931-910x1024.jpeg\" alt=\"\" class=\"wp-image-2464\" srcset=\"https:\/\/la-marque.org\/wp-content\/uploads\/2023\/10\/24931-910x1024.jpeg 910w, https:\/\/la-marque.org\/wp-content\/uploads\/2023\/10\/24931-267x300.jpeg 267w, https:\/\/la-marque.org\/wp-content\/uploads\/2023\/10\/24931-768x864.jpeg 768w, https:\/\/la-marque.org\/wp-content\/uploads\/2023\/10\/24931.jpeg 1200w\" sizes=\"auto, (max-width: 910px) 100vw, 910px\" \/><\/a><\/figure>\n\n\n\n<p>(1) <em>\u00ab\u00a0ExxonMobil avait pr\u00e9vu le changement climatique d\u00e8s 1982 (&#8230;) mais des consid\u00e9rations \u00e9conomiques ont conduit Exxon Mobil \u00e0 taire ces r\u00e9sultats et \u00e0 financer massivement des articles climatosceptiques.\u00a0\u00bb<\/em>(source \u00ab\u00a0Sciences et Avenir, d\u00e9cembre 2019, n\u00b0 874 page 22)<br><a href=\"https:\/\/exxonknew.org\/\" target=\"_blank\" rel=\"noreferrer noopener\" aria-label=\"https:\/\/exxonknew.org\/ (s\u2019ouvre dans un nouvel onglet)\">https:\/\/exxonknew.org\/<\/a><\/p>\n\n\n\n<p><strong>Date de mise \u00e0 jour <\/strong>: 13 f\u00e9vrier 2026<\/p>\n","protected":false},"excerpt":{"rendered":"<p>L&rsquo;impact du lobbying sur les d\u00e9cisions reste flou. Si, en regardant les amendements on peut se faire une id\u00e9e sur les lobbys qui interviennent, par contre, on ne conna\u00eet pas la mani\u00e8re d&rsquo;arbitrer les choix. La loi Sapin 2 de 2016 appelle les lobbyistes des \u00ab\u00a0repr\u00e9sentants d&rsquo;int\u00e9r\u00eats\u00a0\u00bb. Cette loi leur a donn\u00e9 une forme de [&hellip;]<\/p>\n","protected":false},"author":1,"featured_media":0,"parent":0,"menu_order":0,"comment_status":"closed","ping_status":"closed","template":"","meta":{"footnotes":""},"class_list":["post-451","page","type-page","status-publish","hentry"],"_links":{"self":[{"href":"https:\/\/la-marque.org\/index.php\/wp-json\/wp\/v2\/pages\/451","targetHints":{"allow":["GET"]}}],"collection":[{"href":"https:\/\/la-marque.org\/index.php\/wp-json\/wp\/v2\/pages"}],"about":[{"href":"https:\/\/la-marque.org\/index.php\/wp-json\/wp\/v2\/types\/page"}],"author":[{"embeddable":true,"href":"https:\/\/la-marque.org\/index.php\/wp-json\/wp\/v2\/users\/1"}],"replies":[{"embeddable":true,"href":"https:\/\/la-marque.org\/index.php\/wp-json\/wp\/v2\/comments?post=451"}],"version-history":[{"count":28,"href":"https:\/\/la-marque.org\/index.php\/wp-json\/wp\/v2\/pages\/451\/revisions"}],"predecessor-version":[{"id":3553,"href":"https:\/\/la-marque.org\/index.php\/wp-json\/wp\/v2\/pages\/451\/revisions\/3553"}],"wp:attachment":[{"href":"https:\/\/la-marque.org\/index.php\/wp-json\/wp\/v2\/media?parent=451"}],"curies":[{"name":"wp","href":"https:\/\/api.w.org\/{rel}","templated":true}]}}