{"id":3304,"date":"2025-11-12T18:11:56","date_gmt":"2025-11-12T18:11:56","guid":{"rendered":"https:\/\/la-marque.org\/?page_id=3304"},"modified":"2026-03-24T17:07:12","modified_gmt":"2026-03-24T17:07:12","slug":"la-marque","status":"publish","type":"page","link":"https:\/\/la-marque.org\/index.php\/la-marque\/","title":{"rendered":"La Marque"},"content":{"rendered":"\n<p>Les Marques appartiennent \u00e0 notre quotidien. Elles influencent aussi bien nos pratiques de consommation que nos repr\u00e9sentations. Elles mod\u00e8lent nos go\u00fbts et nos d\u00e9go\u00fbts selon notre \u00e2ge, notre genre et notre origine sociale. Avec les Marques on exprime son enthousiasme, son indiff\u00e9rence ou bien encore son angoisse. Symboles et objets de jugement, elles deviennent des moyens d&rsquo;expression de notre identit\u00e9 culturelle et socio-\u00e9conomique dans un milieu relationnel o\u00f9 la position sociale est d\u00e9finie par la richesse et la culture.<br>En un mot, elles disent qui nous sommes et \u00e0 quoi nous aspirons.<br>La question l\u00e9gitime que se posent les citoyens \u00e0 leur \u00e9gard est de savoir si ce que les Marques produisent et commercialisent contribuent \u00e0 l&rsquo;int\u00e9r\u00eat g\u00e9n\u00e9ral sans \u00eatre nocives pour la sant\u00e9 et l&rsquo;environnement.<\/p>\n","protected":false},"excerpt":{"rendered":"<p>Les Marques appartiennent \u00e0 notre quotidien. Elles influencent aussi bien nos pratiques de consommation que nos repr\u00e9sentations. Elles mod\u00e8lent nos go\u00fbts et nos d\u00e9go\u00fbts selon notre \u00e2ge, notre genre et notre origine sociale. Avec les Marques on exprime son enthousiasme, son indiff\u00e9rence ou bien encore son angoisse. Symboles et objets de jugement, elles deviennent des [&hellip;]<\/p>\n","protected":false},"author":1,"featured_media":0,"parent":0,"menu_order":0,"comment_status":"closed","ping_status":"closed","template":"","meta":{"footnotes":""},"class_list":["post-3304","page","type-page","status-publish","hentry"],"_links":{"self":[{"href":"https:\/\/la-marque.org\/index.php\/wp-json\/wp\/v2\/pages\/3304","targetHints":{"allow":["GET"]}}],"collection":[{"href":"https:\/\/la-marque.org\/index.php\/wp-json\/wp\/v2\/pages"}],"about":[{"href":"https:\/\/la-marque.org\/index.php\/wp-json\/wp\/v2\/types\/page"}],"author":[{"embeddable":true,"href":"https:\/\/la-marque.org\/index.php\/wp-json\/wp\/v2\/users\/1"}],"replies":[{"embeddable":true,"href":"https:\/\/la-marque.org\/index.php\/wp-json\/wp\/v2\/comments?post=3304"}],"version-history":[{"count":5,"href":"https:\/\/la-marque.org\/index.php\/wp-json\/wp\/v2\/pages\/3304\/revisions"}],"predecessor-version":[{"id":3635,"href":"https:\/\/la-marque.org\/index.php\/wp-json\/wp\/v2\/pages\/3304\/revisions\/3635"}],"wp:attachment":[{"href":"https:\/\/la-marque.org\/index.php\/wp-json\/wp\/v2\/media?parent=3304"}],"curies":[{"name":"wp","href":"https:\/\/api.w.org\/{rel}","templated":true}]}}