{"id":310,"date":"2020-01-28T13:30:55","date_gmt":"2020-01-28T13:30:55","guid":{"rendered":"https:\/\/la-marque.org\/?page_id=310"},"modified":"2021-04-15T14:32:15","modified_gmt":"2021-04-15T14:32:15","slug":"evolution-du-portefeuille-des-participations-de-letat-dans-les-entreprises-cotees","status":"publish","type":"page","link":"https:\/\/la-marque.org\/index.php\/evolution-du-portefeuille-des-participations-de-letat-dans-les-entreprises-cotees\/","title":{"rendered":"\u00c9volution du portefeuille des participations de l\u2019\u00c9tat dans les entreprises cot\u00e9es"},"content":{"rendered":"\n<h4 class=\"wp-block-heading\">Portefeuille de l&rsquo;Agence des participations de l\u2019\u00c9tat<\/h4>\n\n\n\n<p>\u00ab\u00a0Le portefeuille g\u00e9r\u00e9 par l\u2019APE est \u00e0 la fois \u00e9tendu et tr\u00e8s divers, au regard des secteurs d\u2019activit\u00e9 concern\u00e9s, du poids de l\u2019\u00c9tat au sein des entreprises et de leurs formes juridiques. Avec 85 entreprises relevant de son p\u00e9rim\u00e8tre, l\u2019APE est pr\u00e9sente dans des secteurs aussi diff\u00e9rents que l\u2019a\u00e9ronautique, la d\u00e9fense, l\u2019\u00e9nergie, les transports, les services ou l\u2019audiovisuel. La situation des entreprises du portefeuille de l\u2019APE est h\u00e9t\u00e9rog\u00e8ne, allant de 11 entreprises cot\u00e9es \u00e0 plusieurs d\u00e9faisances ou entit\u00e9s en extinction.\u00a0\u00bb <em>(<a href=\"https:\/\/www.economie.gouv.fr\/agence-participations-etat\/Les-participations-publiques\" target=\"_blank\" rel=\"noreferrer noopener\">source<\/a>)<\/em><\/p>\n\n\n\n<p><strong><a rel=\"noreferrer noopener\" href=\"https:\/\/www.economie.gouv.fr\/files\/files\/directions_services\/agence-participations-etat\/Documents\/Cotees_du_jour\/20210401_APE_Portefeuille%20cot%C3%A9%20-%20Incl.%20F2i.pdf\" target=\"_blank\"> Portefeuille de l&rsquo;APE &#8211; Cl\u00f4ture du 1er avril 2021<\/a><\/strong><\/p>\n\n\n\n<figure class=\"wp-block-image size-large\"><img loading=\"lazy\" decoding=\"async\" width=\"1024\" height=\"438\" src=\"https:\/\/la-marque.org\/wp-content\/uploads\/2021\/04\/participations-cotees-au-1er-avril-2021-1024x438.jpg\" alt=\"\" class=\"wp-image-1369\" srcset=\"https:\/\/la-marque.org\/wp-content\/uploads\/2021\/04\/participations-cotees-au-1er-avril-2021-1024x438.jpg 1024w, https:\/\/la-marque.org\/wp-content\/uploads\/2021\/04\/participations-cotees-au-1er-avril-2021-300x128.jpg 300w, https:\/\/la-marque.org\/wp-content\/uploads\/2021\/04\/participations-cotees-au-1er-avril-2021-768x328.jpg 768w, https:\/\/la-marque.org\/wp-content\/uploads\/2021\/04\/participations-cotees-au-1er-avril-2021.jpg 1074w\" sizes=\"auto, (max-width: 1024px) 100vw, 1024px\" \/><\/figure>\n\n\n\n<p><strong>Capitalisation boursi\u00e8re<\/strong><\/p>\n\n\n\n<figure class=\"wp-block-table\"><table class=\"has-subtle-light-gray-background-color has-background\"><thead><tr><th scope=\"col\">Marque<\/th><th scope=\"col\"><strong>Capitalisation boursi\u00e8re <\/strong><br><strong>\u00e0 mi-octobre 2019<\/strong><\/th><th><strong>Capitalisation boursi\u00e8re<\/strong><br><strong>au 18 avril 2020<\/strong><\/th><\/tr><\/thead><tbody><tr><td>ADP<\/td><td>16,249 Md\u20ac<\/td><td>8,748 Md\u20ac<\/td><\/tr><tr><td>Airbus<\/td><td>92,5&nbsp;Md\u20ac<\/td><td>44,484 Md\u20ac<\/td><\/tr><tr><td>Air France KLM<\/td><td>4,279&nbsp;Md\u20ac<\/td><td>2,036 Md\u20ac<\/td><\/tr><tr><td>CNP<\/td><td>12,538 Md\u20ac<\/td><td>5,527 Md\u20ac<\/td><\/tr><tr><td>Dexia<\/td><td>4 M\u20ac<\/td><td><\/td><\/tr><tr><td>EDF<\/td><td>28,765 Md\u20ac<\/td><td>22,507 Md\u20ac<\/td><\/tr><tr><td>Engie<\/td><td>36,602 Md\u20ac<\/td><td>23,116 Md\u20ac<\/td><\/tr><tr><td>Eramet<\/td><td>1,269 Md\u20ac<\/td><td>759 M\u20ac<\/td><\/tr><tr><td>FDJ (28\/11\/2019)<\/td><td>4,19 Md\u20ac<\/td><td>4,603 Md\u20ac<\/td><\/tr><tr><td>Orange<\/td><td>39,38 Md\u20ac<\/td><td>30,232 Md\u20ac<\/td><\/tr><tr><td>PSA<\/td><td>20,84 Md\u20ac<\/td><td>10,586 Md\u20ac<\/td><\/tr><tr><td>Renault<\/td><td>14,298 Md\u20ac<\/td><td>4,844 Md\u20ac<\/td><\/tr><tr><td>Safran<\/td><td>58,136 Md\u20ac<\/td><td>32,245 Md\u20ac<\/td><\/tr><tr><td>Thales<\/td><td>20,582 Md\u20ac<\/td><td>15,386 Md\u20ac<\/td><\/tr><\/tbody><\/table><\/figure>\n\n\n\n<figure class=\"wp-block-table\"><table class=\"has-subtle-light-gray-background-color has-background\"><tbody><tr><td><a href=\"https:\/\/la-marque.org\/index.php\/adp-aeroports-de-paris\/\">ADP<\/a><br><\/td><td>R\u00e9partition du capital au 27 juin 2019, 31 d\u00e9cembre 2015<\/td><\/tr><tr><td><a href=\"https:\/\/la-marque.org\/index.php\/airbus\/\">Airbus<\/a><\/td><td>R\u00e9partition du capital au 31 d\u00e9cembre 2015, 2012, 2011, 2007, 2001 (EADS)<\/td><\/tr><tr><td><a href=\"https:\/\/la-marque.org\/index.php\/air-france-klm\/\">Air France KLM<\/a><\/td><td>R\u00e9partition du capital au 28 f\u00e9vrier 2019, 31 mars 2016<\/td><\/tr><tr><td><a href=\"https:\/\/la-marque.org\/index.php\/areva\/\">Areva<\/a><\/td><td><a href=\"https:\/\/www.economie.gouv.fr\/files\/files\/directions_services\/agence-participations-etat\/20170818_-_Areva_-_Communique.pdf\" target=\"_blank\" rel=\"noreferrer noopener\" aria-label=\"Nationalisation ao\u00fbt 2017 (s\u2019ouvre dans un nouvel onglet)\">Nationalisation ao\u00fbt 2017<\/a> &#8211; R\u00e9partition du capital au 31 d\u00e9cembre 2015, 2012, 2007<\/td><\/tr><tr><td><a href=\"https:\/\/la-marque.org\/index.php\/cnp\/\">CNP<\/a><\/td><td>R\u00e9partition du capital fin 2018, 2015<\/td><\/tr><tr><td><a href=\"https:\/\/la-marque.org\/index.php\/dexia\/\">Dexia<\/a><\/td><td>R\u00e9partition du capital 2015, 2008, 2001<\/td><\/tr><tr><td><a href=\"https:\/\/la-marque.org\/index.php\/edf\/\">EDF<\/a><\/td><td>R\u00e9partition du capital au 31 d\u00e9cembre 2018, 30 juin 2016, 31 d\u00e9cembre 2012<\/td><\/tr><tr><td><a href=\"https:\/\/la-marque.org\/index.php\/engie\/\">Engie<\/a><\/td><td>R\u00e9partition du capital au 31mars 2019 fin 2015, 2012 (GDF SUEZ)<\/td><\/tr><tr><td><a href=\"https:\/\/la-marque.org\/index.php\/eramet\/\">Eramet<\/a><\/td><td>R\u00e9partition du capital au 31 d\u00e9cembre 2018<\/td><\/tr><tr><td><a href=\"https:\/\/la-marque.org\/index.php\/fdj-francaise-des-jeux\/\">FDJ<\/a><\/td><td>R\u00e9partition du capital au 28 novembre 2019<\/td><\/tr><tr><td><a href=\"https:\/\/la-marque.org\/index.php\/orange\/\">Orange<\/a><\/td><td>R\u00e9partition du capital : 31 d\u00e9cembre 2018, mars 2016, au 31 d\u00e9cembre 2012, 2011, 2006, 20 janvier 1999 (France Telecom), 31 d\u00e9cembre 2020<\/td><\/tr><tr><td><a href=\"https:\/\/la-marque.org\/index.php\/psa\/\">PSA<\/a><\/td><td>R\u00e9partition du capital au 31 d\u00e9cembre 2018 (2017, cession des parts de l&rsquo;\u00c9tat \u00e0 BPI France, \u00ab\u00a0reclassement \u00e0 l&rsquo;int\u00e9rieur du secteur public\u00a0\u00bb), 2014, 2012, 2011, 2006, 2005<\/td><\/tr><tr><td><a href=\"https:\/\/la-marque.org\/index.php\/renault\/\">Renault<\/a><\/td><td>R\u00e9partition du capital au 31 d\u00e9cembre 2018, 2014, 2012, 2011, 2006, 2005, 1997<\/td><\/tr><tr><td><a href=\"https:\/\/la-marque.org\/index.php\/safran\/\">Safran<\/a><\/td><td>R\u00e9partition du capital au 30 avril 2019, 30 juin 2016, 31 d\u00e9cembre 2012, 2007<\/td><\/tr><tr><td><a href=\"https:\/\/la-marque.org\/index.php\/thales\/\">Thales<\/a><\/td><td>R\u00e9partition du capital au 31 d\u00e9cembre 2018, 2015, 2012, 2011, 2007, 2003<\/td><\/tr><\/tbody><\/table><\/figure>\n\n\n\n<p><a href=\"http:\/\/www.economie.gouv.fr\/agence-participations-etat\/Les-participations-publiques\" target=\"_blank\" rel=\"noreferrer noopener\" aria-label=\"http:\/\/www.economie.gouv.fr\/agence-participations-etat\/Les-participations-publiques (s\u2019ouvre dans un nouvel onglet)\">http:\/\/www.economie.gouv.fr\/agence-participations-etat\/Les-participations-publiques<\/a><\/p>\n\n\n\n<p><strong>Date de mise \u00e0 jour<\/strong> : 15 avril 2021<\/p>\n\n\n\n<p><\/p>\n","protected":false},"excerpt":{"rendered":"<p>Portefeuille de l&rsquo;Agence des participations de l\u2019\u00c9tat \u00ab\u00a0Le portefeuille g\u00e9r\u00e9 par l\u2019APE est \u00e0 la fois \u00e9tendu et tr\u00e8s divers, au regard des secteurs d\u2019activit\u00e9 concern\u00e9s, du poids de l\u2019\u00c9tat au sein des entreprises et de leurs formes juridiques. Avec 85 entreprises relevant de son p\u00e9rim\u00e8tre, l\u2019APE est pr\u00e9sente dans des secteurs aussi diff\u00e9rents que [&hellip;]<\/p>\n","protected":false},"author":1,"featured_media":0,"parent":0,"menu_order":0,"comment_status":"closed","ping_status":"closed","template":"","meta":{"footnotes":""},"class_list":["post-310","page","type-page","status-publish","hentry"],"_links":{"self":[{"href":"https:\/\/la-marque.org\/index.php\/wp-json\/wp\/v2\/pages\/310","targetHints":{"allow":["GET"]}}],"collection":[{"href":"https:\/\/la-marque.org\/index.php\/wp-json\/wp\/v2\/pages"}],"about":[{"href":"https:\/\/la-marque.org\/index.php\/wp-json\/wp\/v2\/types\/page"}],"author":[{"embeddable":true,"href":"https:\/\/la-marque.org\/index.php\/wp-json\/wp\/v2\/users\/1"}],"replies":[{"embeddable":true,"href":"https:\/\/la-marque.org\/index.php\/wp-json\/wp\/v2\/comments?post=310"}],"version-history":[{"count":21,"href":"https:\/\/la-marque.org\/index.php\/wp-json\/wp\/v2\/pages\/310\/revisions"}],"predecessor-version":[{"id":1373,"href":"https:\/\/la-marque.org\/index.php\/wp-json\/wp\/v2\/pages\/310\/revisions\/1373"}],"wp:attachment":[{"href":"https:\/\/la-marque.org\/index.php\/wp-json\/wp\/v2\/media?parent=310"}],"curies":[{"name":"wp","href":"https:\/\/api.w.org\/{rel}","templated":true}]}}