{"id":303,"date":"2020-01-28T13:21:08","date_gmt":"2020-01-28T13:21:08","guid":{"rendered":"https:\/\/la-marque.org\/?page_id=303"},"modified":"2023-10-25T17:44:36","modified_gmt":"2023-10-25T17:44:36","slug":"quand-le-service-public-devient-une-marque-commerciale","status":"publish","type":"page","link":"https:\/\/la-marque.org\/index.php\/quand-le-service-public-devient-une-marque-commerciale\/","title":{"rendered":"Quand le Service public devient une Marque commerciale"},"content":{"rendered":"\n<p class=\"has-drop-cap\">\u00c0 la vision planificatrice des \u00e9changes \u00e9conomiques on oppose le plus souvent la vision lib\u00e9rale de l\u2019offre et la demande (marchandises, travail, balance des paiements, \u00e9pargne, investissement).<br>L\u2019\u00c9tat-nation, ach\u00e8te, vend, subventionne&#8230; afin de pr\u00e9server ce qui pr\u00e9sente un caract\u00e8re strat\u00e9gique (nucl\u00e9aire), d&rsquo;importance vitale pour la nation (ind\u00e9pendance \u00e9nerg\u00e9tique). Il fait exister ce qui rel\u00e8ve de l&rsquo;int\u00e9r\u00eat g\u00e9n\u00e9ral mais qui n&rsquo;int\u00e9resse pas le march\u00e9 car il faut bien en convenir quand les principes sont trop d\u00e9sint\u00e9ress\u00e9s ils deviennent difficiles \u00e0 promouvoir. Les gouvernements s\u2019appuient alors, pour soutenir l\u2019activit\u00e9 sur les passions. L\u2019\u00c9tat encourage dans un cadre juridique la poursuite de l&rsquo;int\u00e9r\u00eat personnel par le travail, la production, la consommation, l&rsquo;investissement boursier, en envisageant que l\u2019int\u00e9r\u00eat individuel profite \u00e0 tous. Nous avons l\u00e0 le principe d\u2019action qui domine tous les autres mais cela pourrait \u00eatre dans d\u2019autres temps ou d\u2019autres lieux&nbsp;: Dieu, la rationalit\u00e9, la v\u00e9rit\u00e9, le bon-le bien-le beau, \u2026<\/p>\n\n\n\n<h4 class=\"wp-block-heading\">Pourquoi et comment privatise-t-on&nbsp;?<\/h4>\n\n\n\n<p>L\u2019\u00c9tat fran\u00e7ais n&rsquo;a plus les moyens de financer l&rsquo;entretien et le d\u00e9veloppement des services publics nationaux qui sont, dans un monde globalis\u00e9, confront\u00e9s \u00e0 l&rsquo;internationalisation. La concurrence se g\u00e9n\u00e9ralise, elle provoque une baisse des prix pour le consommateur, tandis que les d\u00e9ficits du service public augmentent. Dans ce contexte, les privatisations permettent \u00e0 l\u2019\u00c9tat-nation non seulement de stopper les d\u00e9ficits mais de les combler. Elle provoque la modification de statut des personnels. Elle ouvre aux entreprises la possibilit\u00e9 de chercher de nouveaux financements \u00e0 un moment o\u00f9 leurs d\u00e9veloppements sont compromis. Leur privatisation leur ouvre la possibilit\u00e9 de nouer des alliances sous r\u00e9serve qu&rsquo;elles ne soient pas contradictoires avec l&rsquo;int\u00e9r\u00eat de la nation. Pour ce faire, l\u2019\u00c9tat vend des actions ou proc\u00e8de \u00e0 une augmentation de capital. Des missions de service public comme l&rsquo;eau sont d&rsquo;ailleurs d\u00e9j\u00e0 confi\u00e9es au secteur priv\u00e9 ou ouvertes pour parties \u00e0 la concurrence. Parmi les autres possibilit\u00e9s offertes, l&rsquo;\u00c9tat se propose de transformer la soci\u00e9t\u00e9 en concession, exploitable sur une dur\u00e9e de temps \u00e0 d\u00e9finir et \u00e0 renouveler. Ce processus lui laisse l&rsquo;opportunit\u00e9 de la racheter au terme de la concession c&rsquo;est le cas du projet d&rsquo;<a href=\"https:\/\/la-marque.org\/index.php\/adp-aeroports-de-paris\/\" target=\"_blank\" rel=\"noreferrer noopener\">ADP A\u00e9roports de Paris.<\/a><\/p>\n\n\n\n<h4 class=\"wp-block-heading\">Le Service public, un monopole d&rsquo;\u00c9tat&nbsp;?<\/h4>\n\n\n\n<p>La construction des \u00c9tats a d\u00e9velopp\u00e9 le sentiment national d\u2019une possession, d\u2019une force, d\u2019une solidarit\u00e9 commune qui s\u2019est traduite par des infrastructures et un service public. D&rsquo;aucuns diront \u00e0 charge de l\u2019\u00c9tat de s&rsquo;en occuper. Si ce service public a des missions qui sont des pr\u00e9rogatives politiques il a aussi un co\u00fbt de fonctionnement qui pousse \u00e0 se demander si les b\u00e9n\u00e9ficiaires et les objectifs sont bien ceux vis\u00e9s initialement.<\/p>\n\n\n\n<h4 class=\"wp-block-heading\">Changement de statut ou\/et privatisation partielle voire totale du Service public<\/h4>\n\n\n\n<p>Les entreprises publiques en voie de privatisation partielle ou totale pour lesquelles les usagers deviennent des clients g\u00e8rent un capital de Marques qui d\u00e9passe dans leurs d\u00e9veloppements le territoire national. L\u2019\u00c9tat reste dans le capital \u00e0 une hauteur variable (une des raisons \u00e0 cela est la nature des investisseurs), l\u2019\u00c9tat gardant la possibilit\u00e9 de faire marche arri\u00e8re et de nationaliser \u00e0 nouveau si l\u2019int\u00e9r\u00eat commun de la nation le n\u00e9cessite. La privatisation partielle ou totale des services publics r\u00e9pond \u00e0 la lib\u00e9ralisation de plusieurs secteurs d\u2019activit\u00e9 comme les t\u00e9l\u00e9coms, l\u2019\u00e9nergie, les transports, le courrier\u2026 pr\u00e9vu dans le cadre du march\u00e9 europ\u00e9en d&rsquo;ouverture \u00e0 la concurrence. Elle r\u00e9pond \u00e9galement \u00e0 l\u2019\u00e9volution des besoins que seul l\u2019\u00c9tat \u00e9tait capable de couvrir. Le service public reste cependant un service inscrit dans la loi. Il \u00e9volue et une partie de celui-ci ne justifie plus qu\u2019il soit aussi r\u00e9gul\u00e9 et prot\u00e9g\u00e9 que par le pass\u00e9 ou l\u2019\u00c9tat \u00e9tait majoritaire voire l\u2019unique actionnaire. En sorte qu&rsquo;une partie des op\u00e9rations qui lui \u00e9taient d\u00e9volues est devenue concurrentielle. Dans ces conditions o\u00f9 l\u2019\u00c9tat ne conserve qu&rsquo;un pourcentage des parts dans les moyens de production et dans les circuits de production par l\u2019interm\u00e9diaire de soci\u00e9t\u00e9s, nous pouvons nous demander s&rsquo;il a encore le pouvoir d\u2019\u00eatre dirigiste et s&rsquo;il peut assumer la direction des m\u00e9canismes \u00e9conomiques&nbsp;? En outre, on doit se poser la question de savoir si les \u00e9tablissements de service public ont la capacit\u00e9 de faire des choix strat\u00e9giques innovants lorsque, pour exemple, l&rsquo;on a vu le retard qu&rsquo;\u00e0 pris France Telecom d\u00e9nomm\u00e9 maintenant <a rel=\"noreferrer noopener\" href=\"https:\/\/la-marque.org\/index.php\/orange\/\" target=\"_blank\">Orange<\/a> a d\u00e9velopp\u00e9 le r\u00e9seau et installer Internet dans les foyers et aupr\u00e8s des entreprises.<\/p>\n\n\n\n<h4 class=\"wp-block-heading\">Changement de statut ou nationalisation d&rsquo;une entreprise<\/h4>\n\n\n\n<p>Quand une entreprise dont l&rsquo;activit\u00e9 est consid\u00e9r\u00e9e comme strat\u00e9gique pour la nation est en difficult\u00e9 financi\u00e8re l&rsquo;\u00c9tat rach\u00e8te ses actions. C&rsquo;est ce qui s&rsquo;est pass\u00e9 par exemple pour <a rel=\"noreferrer noopener\" href=\"https:\/\/la-marque.org\/index.php\/areva\/\" target=\"_blank\">Areva<\/a> en ao\u00fbt 2017 et EDF en juin 2023.<\/p>\n\n\n\n<h4 class=\"wp-block-heading\">Les missions de service public deviennent des missions d&rsquo;int\u00e9r\u00eat \u00e9conomique g\u00e9n\u00e9ral<\/h4>\n\n\n\n<p>Les Marques du groupe public (exemple : la poste) cessent de remplir des missions de service public pour offrir un service d&rsquo;int\u00e9r\u00eat \u00e9conomique g\u00e9n\u00e9ral conform\u00e9ment aux normes europ\u00e9ennes ce qui ouvre le champ \u00e0 des privatisations qui n&rsquo;\u00e9taient pas pr\u00e9sent\u00e9es comme tel au d\u00e9part (exemples : France Telecom, <a rel=\"noreferrer noopener\" href=\"https:\/\/la-marque.org\/index.php\/air-france-klm\/\" target=\"_blank\">Air France<\/a>). On change d&rsquo;abord de statut, on ouvre ensuite minoritairement le capital puis majoritairement (exemples : Gaz de France et Suez).<br>En mars 2014, afin de r\u00e9\u00e9quilibrer les forces en jeu dans l&rsquo;\u00e9conomie de march\u00e9, l\u2019\u00c9tat a mis en place un syst\u00e8me de droits de vote double destin\u00e9 \u00e0 privil\u00e9gier les actionnaires de long terme et d\u2019abord l\u2019\u00c9tat (Loi Florange).<\/p>\n\n\n\n<h4 class=\"wp-block-heading\">APE, l\u2019Agence des participations de l\u2019\u00c9tat et Bpi france<\/h4>\n\n\n\n<p>L\u2019<a rel=\"noreferrer noopener\" href=\"http:\/\/www.economie.gouv.fr\/agence-participations-etat\/Les-participations-publiques\" target=\"_blank\">APE<\/a> exerce la fonction de l\u2019\u00c9tat actionnaire en veillant aux int\u00e9r\u00eats patrimoniaux de l\u2019\u00c9tat dans la gestion de ses participations financi\u00e8res. Elle g\u00e8re un portefeuille tr\u00e8s h\u00e9t\u00e9rog\u00e8ne, comportant des entit\u00e9s de nature et de taille tr\u00e8s diff\u00e9rentes (soci\u00e9t\u00e9s cot\u00e9es et non cot\u00e9es&nbsp;; soci\u00e9t\u00e9s et \u00e9tablissements publics\u2026) ainsi que les cessions de participation de l\u2019\u00c9tat, les augmentations de capital avec ses prises de participation et les fusions. Parmi les soci\u00e9t\u00e9s dont le pourcentage des participations de l\u2019\u00c9tat est significatif on peut citer&nbsp;: ADP A\u00e9roports de Paris, <a rel=\"noreferrer noopener\" href=\"https:\/\/la-marque.org\/index.php\/edf\/\" target=\"_blank\">EDF<\/a>, <a rel=\"noreferrer noopener\" href=\"https:\/\/la-marque.org\/index.php\/engie\/\" target=\"_blank\">Engie<\/a>, <a rel=\"noreferrer noopener\" href=\"https:\/\/la-marque.org\/index.php\/safran\/\" target=\"_blank\">Safran<\/a>, <a rel=\"noreferrer noopener\" href=\"https:\/\/la-marque.org\/index.php\/thales\/\" target=\"_blank\">Thales<\/a>, Air France KLM, <a rel=\"noreferrer noopener\" href=\"https:\/\/la-marque.org\/index.php\/airbus\/\" target=\"_blank\">Airbus<\/a>, Orange, <a href=\"https:\/\/la-marque.org\/index.php\/renault\/\" target=\"_blank\" rel=\"noreferrer noopener\">Renault<\/a>&#8230; La liste des entit\u00e9s relevant du p\u00e9rim\u00e8tre de L\u2019APE est longue, vous pourrez les retrouver dans le rapport annuel de l\u2019APE.<br><a rel=\"noreferrer noopener\" href=\"http:\/\/www.bpifrance.fr\/\" target=\"_blank\">Bpi france<\/a>-investissement (ex-FSI) \u00ab\u00a0est la r\u00e9ponse initi\u00e9e par les pouvoirs publics aux besoins en fonds propres d\u2019entreprises porteuses de croissance et de comp\u00e9titivit\u00e9 pour l\u2019\u00e9conomie fran\u00e7aise\u00a0\u00bb.<br>\u00c0 la diff\u00e9rence des Marques commerciales qui ne poss\u00e8dent pas de structures industrielles, les entreprises publiques nationales sont ou \u00e9taient souvent constitu\u00e9es d\u2019un corps industriel de production et de distribution.<\/p>\n\n\n\n<h4 class=\"wp-block-heading\">Le financement des entreprises \u00e0 capitaux priv\u00e9s et publics<\/h4>\n\n\n\n<p>Face \u00e0 l\u2019ouverture des march\u00e9s nationaux \u00e0 la concurrence les entreprises o\u00f9 l\u2019\u00c9tat fran\u00e7ais est impliqu\u00e9 se doivent pour pallier la perte de march\u00e9, d\u2019en rechercher de nouveaux \u00e0 l\u2019ext\u00e9rieur de leurs fronti\u00e8res. Cette contrainte leur demande de trouver des financements compl\u00e9mentaires, d\u2019augmenter leur capital qui pourrait provenir soit des contribuables ou du march\u00e9. Mais avant d\u2019en arriver l\u00e0 aura-t-il fallu d\u00e9j\u00e0 r\u00e9gler les questions des statuts pour ces entreprises et leurs employ\u00e9s&nbsp;ainsi que de d\u00e9cider les secteurs \u00e0 ouvrir&nbsp;et les activit\u00e9s que l\u2019\u00c9tat doit conserver.<\/p>\n\n\n\n<h4 class=\"wp-block-heading\">Le march\u00e9 de la transformation num\u00e9rique<\/h4>\n\n\n\n<p>La transformation num\u00e9rique est un enjeu complexe que le secteur priv\u00e9 en mettant les \u00c9tats au service de leurs int\u00e9r\u00eats s&rsquo;est majoritairement appropri\u00e9. Les entreprises num\u00e9riques qui le composent sont internationales, le plus souvent \u00e9trang\u00e8res. Elles accumulent les donn\u00e9es, les traitent, les stockent et les acheminent. Au statut quasi monopolistique, elles sont une poign\u00e9e d&rsquo;acteurs au rayonnement international \u00e0 pouvoir offrir des services \u00e0 moindre co\u00fbt quel que soit l&rsquo;usager. Ceci, associ\u00e9 \u00e0 leurs diff\u00e9rentiels d&rsquo;expertise g\u00e9n\u00e8re des positions dominantes. Dans ces conditions, les risques de d\u00e9pendance, de s\u00e9curit\u00e9 ou bien encore de souverainet\u00e9 pour les \u00c9tats sont r\u00e9els. Quant aux utilisateurs, ils subissent l&rsquo;attention cibl\u00e9e des publicitaires et voient leurs libert\u00e9s contraintes sans parler des risques auxquels ils s&rsquo;exposent en \u00e9changeant et d\u00e9posant des informations personnelles. Pour eux, l\u2019\u00c9tat <em>Big brother<\/em> ou le secteur priv\u00e9 avide de profits sont tout autant des menaces. Fort de ce constat on peut se demander si la captation des donn\u00e9es publiques, leur traitement et leur revente par le secteur priv\u00e9 sont l&rsquo;expression de la volont\u00e9 des pouvoirs publics ou celle d&rsquo;une incapacit\u00e9 technique ou\/et financi\u00e8re voire d&rsquo;une n\u00e9gligence. Cet \u00e9pisode n&rsquo;est pas sans rappeler celui du retard pris par France Telecom dans le d\u00e9veloppement des infrastructures du r\u00e9seau Internet. Une nouvelle fois, se pose la question de savoir si l\u2019\u00c9tat est le mieux \u00e0 m\u00eame de faire les choix qui engagent la soci\u00e9t\u00e9 dans le futur. Mais pour autant doit-on parler de d\u00e9litement de la puissance publique&nbsp;? Pour pallier le d\u00e9s\u00e9quilibre le Service public devra-t-il se r\u00e9approprier la privatisation de l&rsquo;espace num\u00e9rique&nbsp;? Si le tableau para\u00eet sombre on peut cependant noter plusieurs r\u00e9ussites, par exemple dans le domaine de l&rsquo;identification avec FranceConnect, ou bien l&rsquo;assurance-maladie, les imp\u00f4ts, ainsi que \u00ab&nbsp;service-public.fr&nbsp;\u00bb, en attendant d&rsquo;autres initiatives de projets innovants recourant aux logiciels libres. On remarquera \u00e9galement que certains r\u00e9seaux concurrencent le service public comme c&rsquo;est le cas avec LinkedIn pour l&#8217;emploi.<br>A force de limiter l&rsquo;intervention et la capacit\u00e9 du service public \u00e0 intervenir ne va-t-on pas entra\u00eener une d\u00e9stabilisation et provoquer une d\u00e9g\u00e9n\u00e9rescence du Service public. On s&rsquo;aper\u00e7oit en cette premi\u00e8re partie du XXI<sup>e<\/sup> si\u00e8cle la propension qu&rsquo;\u00e0 l\u2019\u00c9tat \u00e0 d\u00e9l\u00e9guer ses services au secteur priv\u00e9 en leur demandant d&rsquo;en assurer parfois le contr\u00f4le. En privil\u00e9giant le secteur priv\u00e9 se perdent des capacit\u00e9s de production sans parler des mentalit\u00e9s qui doivent s&rsquo;adapter avec pour corollaire un d\u00e9veloppement des services juridiques. La France se rapproche ainsi pas \u00e0 pas du mod\u00e8le Etats-Unien.<\/p>\n\n\n\n<h4 class=\"wp-block-heading\">Quelles cons\u00e9quences&nbsp;?<\/h4>\n\n\n\n<p>Les d\u00e9calages se creusent entre la r\u00e9alit\u00e9 \u00e9conomique, les exigences d&rsquo;adaptation des services publics et les attentes de la population. Sources d&rsquo;incompr\u00e9hension, ils g\u00e9n\u00e8rent des tensions entre les d\u00e9cisionnaires de l\u2019\u00c9tat-nation, les employ\u00e9s du service public et les citoyens\/consommateurs\/usagers.<br>Derri\u00e8re ces changements se profilent plusieurs questions\u00a0:<br>&#8211; La s\u00e9curit\u00e9 en premier lieu<br>Comment se comporteraient des acteurs priv\u00e9s s\u2019ils venaient \u00e0 d\u00e9tenir et \u00e0 contr\u00f4ler de telles infrastructures en cas de conflit<br>&#8211; L&rsquo;approvisionnement en eau, \u00e9lectricit\u00e9, \u00e9quipements sanitaires (pendant les p\u00e9riodes de pand\u00e9mie qui sous-entend de pouvoir les fabriquer sur le territoire national)<br>&#8211; La vente des entreprises profitables, ADP par exemple, La fran\u00e7aise des jeux (pour des raisons morales\u00a0? \u00c0 savoir que ce n&rsquo;est pas le r\u00f4le de l&rsquo;\u00c9tat d&rsquo;inciter ses citoyens \u00e0 des jeux d&rsquo;argent pour en tirer profit).<br>&#8211; L&rsquo;am\u00e9nagement du territoire et son maillage. On a, pour exemple, commenc\u00e9 par r\u00e9duire le nombre de trains sur les petites lignes puis on les a supprim\u00e9s (baisse de leur fr\u00e9quentation) pour les remplacer par des cars. Maintenant c&rsquo;est au tour d&rsquo;une partie du r\u00e9seau routier mal entretenu dont celui-ci serait confi\u00e9 aux soci\u00e9t\u00e9s d&rsquo;autoroute faute de budget. La France ayant une population peu dense, on peut se demander si les villes et les hameaux seront aussi bien desservis les uns que les autres par les Marques priv\u00e9es \u00e0 des prix raisonnables.<\/p>\n\n\n\n<p><em><strong>Recettes fiscales brutes du budget g\u00e9n\u00e9ral en 2023 &#8211; France &#8211; <a href=\"https:\/\/www.insee.fr\/fr\/statistiques\/2381416\" data-type=\"link\" data-id=\"https:\/\/www.insee.fr\/fr\/statistiques\/2381416\">source Insee<\/a><\/strong><\/em><\/p>\n\n\n\n<figure class=\"wp-block-image size-full\"><a href=\"https:\/\/www.insee.fr\/fr\/statistiques\/2381416\" target=\"_blank\" rel=\"noreferrer noopener\"><img loading=\"lazy\" decoding=\"async\" width=\"677\" height=\"519\" src=\"https:\/\/la-marque.org\/wp-content\/uploads\/2023\/10\/recettesDuBudgetGeneral-Insee.jpg\" alt=\"\" class=\"wp-image-2461\" srcset=\"https:\/\/la-marque.org\/wp-content\/uploads\/2023\/10\/recettesDuBudgetGeneral-Insee.jpg 677w, https:\/\/la-marque.org\/wp-content\/uploads\/2023\/10\/recettesDuBudgetGeneral-Insee-300x230.jpg 300w\" sizes=\"auto, (max-width: 677px) 100vw, 677px\" \/><\/a><\/figure>\n\n\n\n<p><strong>Date de mise \u00e0 jour<\/strong> : 25 octobre 2024<\/p>\n\n\n\n<p><strong>Date de publication initiale<\/strong> : mars 2008<\/p>\n","protected":false},"excerpt":{"rendered":"<p>\u00c0 la vision planificatrice des \u00e9changes \u00e9conomiques on oppose le plus souvent la vision lib\u00e9rale de l\u2019offre et la demande (marchandises, travail, balance des paiements, \u00e9pargne, investissement).L\u2019\u00c9tat-nation, ach\u00e8te, vend, subventionne&#8230; afin de pr\u00e9server ce qui pr\u00e9sente un caract\u00e8re strat\u00e9gique (nucl\u00e9aire), d&rsquo;importance vitale pour la nation (ind\u00e9pendance \u00e9nerg\u00e9tique). Il fait exister ce qui rel\u00e8ve de l&rsquo;int\u00e9r\u00eat [&hellip;]<\/p>\n","protected":false},"author":1,"featured_media":0,"parent":0,"menu_order":0,"comment_status":"closed","ping_status":"closed","template":"","meta":{"footnotes":""},"class_list":["post-303","page","type-page","status-publish","hentry"],"_links":{"self":[{"href":"https:\/\/la-marque.org\/index.php\/wp-json\/wp\/v2\/pages\/303","targetHints":{"allow":["GET"]}}],"collection":[{"href":"https:\/\/la-marque.org\/index.php\/wp-json\/wp\/v2\/pages"}],"about":[{"href":"https:\/\/la-marque.org\/index.php\/wp-json\/wp\/v2\/types\/page"}],"author":[{"embeddable":true,"href":"https:\/\/la-marque.org\/index.php\/wp-json\/wp\/v2\/users\/1"}],"replies":[{"embeddable":true,"href":"https:\/\/la-marque.org\/index.php\/wp-json\/wp\/v2\/comments?post=303"}],"version-history":[{"count":20,"href":"https:\/\/la-marque.org\/index.php\/wp-json\/wp\/v2\/pages\/303\/revisions"}],"predecessor-version":[{"id":2473,"href":"https:\/\/la-marque.org\/index.php\/wp-json\/wp\/v2\/pages\/303\/revisions\/2473"}],"wp:attachment":[{"href":"https:\/\/la-marque.org\/index.php\/wp-json\/wp\/v2\/media?parent=303"}],"curies":[{"name":"wp","href":"https:\/\/api.w.org\/{rel}","templated":true}]}}