{"id":292,"date":"2020-01-28T12:12:17","date_gmt":"2020-01-28T12:12:17","guid":{"rendered":"https:\/\/la-marque.org\/?page_id=292"},"modified":"2026-01-03T16:38:19","modified_gmt":"2026-01-03T16:38:19","slug":"comparaison-des-investissements-en-recherche-et-developpement-des-marques","status":"publish","type":"page","link":"https:\/\/la-marque.org\/index.php\/comparaison-des-investissements-en-recherche-et-developpement-des-marques\/","title":{"rendered":"Comparaison des investissements en R&#038;D des Marques"},"content":{"rendered":"\n<p>L&rsquo;invention et l&rsquo;innovation sont les fruits de la recherche et du d\u00e9veloppement (R&amp;D). Elles visent \u00e0 cr\u00e9er du nouveau ou am\u00e9liorer l&rsquo;existant. Elles s&rsquo;imposent dans tous les secteurs d&rsquo;activit\u00e9s qu&rsquo;ils soient priv\u00e9s ou publics comme un imp\u00e9ratif \u00e9conomique, parfois \u00e9cologique et cela sur fond de comp\u00e9titivit\u00e9, de diff\u00e9renciation, d&rsquo;attente des consommateurs, de d\u00e9fis soci\u00e9taux, de soucis d&rsquo;efficacit\u00e9, d&rsquo;optimisation, de r\u00e9duction de co\u00fbts, d&rsquo;augmentation de la productivit\u00e9\u2026 <em>Concernant l&rsquo;innovation stimul\u00e9e par la contrainte on peut s&rsquo;int\u00e9resser \u00e0 la <a href=\"https:\/\/fr.wikipedia.org\/wiki\/Hypoth%C3%A8se_de_Porter\" target=\"_blank\" rel=\"noreferrer noopener\">th\u00e9orie de Porter<\/a><\/em><\/p>\n\n\n\n<blockquote class=\"wp-block-quote is-layout-flow wp-block-quote-is-layout-flow\">\n<p><em>L&rsquo;invention et l&rsquo;innovation pour exister doivent susciter des imaginaires d\u00e9sirables<\/em>.<\/p>\n<\/blockquote>\n\n\n\n<p>S&rsquo;ing\u00e9niant \u00e0 offrir de nouvelles opportunit\u00e9s tout en cr\u00e9ant de nouveaux besoins qui sont autant de frustrations, elles anticipent l&rsquo;avenir, stimulent, motivent l&rsquo;esprit d&rsquo;initiative et l&rsquo;\u00e9panouissement individuel. Au nom de ces principes, elles sont convoqu\u00e9es dans de nombreux discours des acteurs \u00e9conomiques pour atteindre des objectifs comme pour justifier de lignes de cr\u00e9dit. Si elles participent \u00e0 la logique d\u2019abondance, produisent-elles m\u00e9caniquement que des bienfaits? Doivent-elles devenir une fin en soi, au point de faire fi des contraintes et des externalit\u00e9s n\u00e9gatives?<br>Avant de se condamner au progr\u00e8s et \u00e0 la croissance, r\u00e9fl\u00e9chissons \u00e0 ses finalit\u00e9s et ses cons\u00e9quences pour passer d\u2019une responsabilit\u00e9 r\u00e9trospective de constat \u00e0 une responsabilit\u00e9 projective d\u2019anticipation des impacts.<br>Notre syst\u00e8me \u00e9conomique repose sur la consommation, et plus pr\u00e9cis\u00e9ment sur le nombre de consommateurs en capacit\u00e9 financi\u00e8re d&rsquo;acheter. Pour alimenter le rythme de la consommation, les besoins doivent y \u00eatre en permanence renouvel\u00e9s via l&rsquo;invention et l\u2019innovation, avec en toile de fond, l\u2019obsolescence programm\u00e9e. Mais, quels sont exactement nos besoins qui rel\u00e8vent de l&rsquo;utilit\u00e9 et de la n\u00e9cessit\u00e9? Ces inventions et ces innovations les r\u00e9solvent-elles? Que peut-on dire de nos d\u00e9sirs? A quoi r\u00e9pondent-ils?<\/p>\n\n\n\n<blockquote class=\"wp-block-quote is-layout-flow wp-block-quote-is-layout-flow\">\n<p><em>Doit-on laisser le devenir de la plan\u00e8te aux mains de la R&amp;D, des experts, des entreprises, des financiers ?<\/em><\/p>\n<\/blockquote>\n\n\n\n<p>L&rsquo;augmentation de la d\u00e9mographie et la sortie de la grande pauvret\u00e9 de populations accentuent les besoins et les contraintes plan\u00e9taires. L&rsquo;invention, l&rsquo;innovation, l&rsquo;intelligence artificielle, la technologie, la sobri\u00e9t\u00e9, l\u2019analyse du cycle de vie des produits, l&rsquo;\u00e9conomie circulaire, la r\u00e9paration, l&rsquo;entretien, la prise en compte dans la comptabilit\u00e9 de nos impacts sur le capital \u00e9cologique et humain (m\u00e9thode CARE) nous \u00e9viteront-elles les \u00ab\u00a0nuisances\u00a0\u00bb d&rsquo;aujourd&rsquo;hui et qui demain s&rsquo;appelleront \u00ab\u00a0?\u00a0\u00bb. On peut certes, changer nos mani\u00e8res d\u2019innover, de fabriquer, de consommer, mettre en \u0153uvre des r\u00e9glementations et des incitations, mener des campagnes d&rsquo;informations\u2026 mais, sans contraindre la d\u00e9mographie le r\u00e9sultat risque d&rsquo;\u00eatre insuffisant pour que les g\u00e9n\u00e9rations futures vivent dans un cadre de vie satisfaisant.<\/p>\n\n\n\n<h4 class=\"wp-block-heading\" id=\"titre-tableau-figure1_radio1\">D\u00e9pense int\u00e9rieure en R&amp;D des Marques nation de l&rsquo;union europ\u00e9enne<\/h4>\n\n\n\n<figure class=\"wp-block-table\"><table class=\"has-fixed-layout\"><thead><tr><th rowspan=\"2\">Pays<\/th><th>D\u00e9pense int\u00e9rieure de R&amp;D<\/th><\/tr><tr><th>2023 (en&nbsp;%)<\/th><th><\/th><\/tr><\/thead><tbody><tr><th>Allemagne<\/th><td>3,1<\/td><\/tr><tr><th>Autriche<\/th><td>3,2<\/td><\/tr><tr><th>Belgique<\/th><td>3,4<\/td><\/tr><tr><th>Bulgarie<\/th><td>0,8<\/td><\/tr><tr><th>Chypre<\/th><td>0,8<\/td><\/tr><tr><th>Croatie<\/th><td>1,4<\/td><\/tr><tr><th>Danemark<\/th><td>2,9<\/td><\/tr><tr><th>Espagne<\/th><td>1,4<\/td><\/tr><tr><th>Estonie<\/th><td>1,8<\/td><\/tr><tr><th>Finlande<\/th><td>3,0<\/td><\/tr><tr><th>France<\/th><td>2,2<\/td><\/tr><tr><th>Gr\u00e8ce<\/th><td>1,5<\/td><\/tr><tr><th>Hongrie<\/th><td>1,4<\/td><\/tr><tr><th>Irlande<\/th><td>1,0<\/td><\/tr><tr><th>Italie<\/th><td>1,3<\/td><\/tr><tr><th>Lettonie<\/th><td>0,8<\/td><\/tr><tr><th>Lituanie<\/th><td>1,0<\/td><\/tr><tr><th>Luxembourg<\/th><td>1,0<\/td><\/tr><tr><th>Malte<\/th><td>0,7<\/td><\/tr><tr><th>Pays-Bas<\/th><td>2,3<\/td><\/tr><tr><th>Pologne<\/th><td>1,5<\/td><\/tr><tr><th>Portugal<\/th><td>1,7<\/td><\/tr><tr><th>R\u00e9publique tch\u00e8que<\/th><td>2,0<\/td><\/tr><tr><th>Roumanie<\/th><td>0,5<\/td><\/tr><tr><th>Slovaquie<\/th><td>1,0<\/td><\/tr><tr><th>Slov\u00e9nie<\/th><td>2,1<\/td><\/tr><tr><th>Su\u00e8de<\/th><td>3,4<\/td><\/tr><tr><td>Zone euro<\/td><td>2,3<\/td><\/tr><tr><td>Union europ\u00e9enne&nbsp;\u00e0 27<\/td><td>2,1<\/td><\/tr><\/tbody><\/table><\/figure>\n\n\n\n<ul class=\"wp-block-list\">\n<li>Source :&nbsp;Eurostat&nbsp;(extraction de d\u00e9cembre 2024).<br>Source : <a href=\"https:\/\/www.insee.fr\/fr\/statistiques\/4267606\" target=\"_blank\" rel=\"noreferrer noopener\">Insee<\/a><\/li>\n<\/ul>\n\n\n\n<h4 class=\"wp-block-heading\">Budget 2022 consacr\u00e9 \u00e0 la R&amp;D, en milliards de dollars<\/h4>\n\n\n\n<p><strong>R&amp;D Investment by the 10 Biggest Nasdaq Firms<\/strong><\/p>\n\n\n\n<figure class=\"wp-block-table\"><table><thead><tr><th>Rank<\/th><th>Name<\/th><th>R&amp;D % of Revenue<\/th><th>R&amp;D Spend in 2022*<br>(Billions)<\/th><\/tr><\/thead><tbody><tr><td>1<\/td><td>Amazon<\/td><td>14%<\/td><td>$73.2<\/td><\/tr><tr><td>2<\/td><td>Alphabet<\/td><td>14%<\/td><td>$39.5<\/td><\/tr><tr><td>3<\/td><td>Meta<\/td><td>30%<\/td><td>$35.3<\/td><\/tr><tr><td>4<\/td><td>Apple<\/td><td>7%<\/td><td>$27.7<\/td><\/tr><tr><td>5<\/td><td>Microsoft<\/td><td>13%<\/td><td>$26.6<\/td><\/tr><tr><td>6<\/td><td>Nvidia<\/td><td>27%<\/td><td>$7.3<\/td><\/tr><tr><td>7<\/td><td>Broadcom<\/td><td>14%<\/td><td>$4.9<\/td><\/tr><tr><td>8<\/td><td>ASML<\/td><td>15%<\/td><td>$3.3<\/td><\/tr><tr><td>9<\/td><td>Tesla<\/td><td>4%<\/td><td>$3.1<\/td><\/tr><tr><td>10<\/td><td>PepsiCo<\/td><td>1%<\/td><td>$0.8<\/td><\/tr><\/tbody><\/table><figcaption class=\"wp-element-caption\">source : <a href=\"https:\/\/www.visualcapitalist.com\/cp\/ranked-the-10-biggest-nasdaq-companies-by-rd-investment\/\">https:\/\/www.visualcapitalist.com\/cp\/ranked-the-10-biggest-nasdaq-companies-by-rd-investment\/<\/a><\/figcaption><\/figure>\n\n\n\n<p>*Trailing 12 months, ending December 31, 2022. Nvidia and Broadcom data is as of January 29, 2023.<\/p>\n\n\n\n<h4 class=\"wp-block-heading\">Budget 2017 consacr\u00e9 \u00e0 la R&amp;D, en milliards de dollars<\/h4>\n\n\n\n<p>Amazon : 22.62<br>Alphabet : 16.625<br>Intel : 13.143<br>Microsoft : 12.292<br>Apple : 11.581<br>Johnson &amp; Johnson : 10.389<br>Merck : 9.573<br>Ford : 8<br>Facebook : 7.754<br>Pfizer : 7.619<br>General Motors : 7.3<br>Oracle : 6.159<br>Cisco : 6.059<br>Celgene : 5.915<br>Qualcomm : 5.465<br>IBM : 5.367<\/p>\n\n\n\n<p><em>Note, FactSet considers Amazon\u2019s \u201ctechnology and content\u201d spending to be its R&amp;D spending. Despite the language, \u201ccontent\u201d does not include the cost of making Amazon\u2019s original programming.<br>Source : FacSet, Recode<\/em><\/p>\n\n\n\n<h4 class=\"wp-block-heading\">Indice mondial de l&rsquo;innovation<\/h4>\n\n\n\n<p>Pour l\u2019essentiel, l<a href=\"https:\/\/www.wipo.int\/web-publications\/global-innovation-index-2025\/en\/gii-2025-at-a-glance.html\" target=\"_blank\" rel=\"noreferrer noopener\">\u2019Indice mondial de l\u2019innovation 2025<\/a> r\u00e9v\u00e8le qui sont les chefs de file en mati\u00e8re d\u2019innovation \u00e0 l\u2019\u00e9chelle mondiale, classant 139 \u00e9conomies.<\/p>\n\n\n\n<figure class=\"wp-block-image size-large\"><img loading=\"lazy\" decoding=\"async\" width=\"1024\" height=\"805\" src=\"https:\/\/la-marque.org\/wp-content\/uploads\/2026\/01\/en-gii-2025-results-figure-1-the-gii-dynamo-top-15-innovators-1024x805.jpg\" alt=\"\" class=\"wp-image-3424\" srcset=\"https:\/\/la-marque.org\/wp-content\/uploads\/2026\/01\/en-gii-2025-results-figure-1-the-gii-dynamo-top-15-innovators-1024x805.jpg 1024w, https:\/\/la-marque.org\/wp-content\/uploads\/2026\/01\/en-gii-2025-results-figure-1-the-gii-dynamo-top-15-innovators-300x236.jpg 300w, https:\/\/la-marque.org\/wp-content\/uploads\/2026\/01\/en-gii-2025-results-figure-1-the-gii-dynamo-top-15-innovators-768x604.jpg 768w, https:\/\/la-marque.org\/wp-content\/uploads\/2026\/01\/en-gii-2025-results-figure-1-the-gii-dynamo-top-15-innovators-1536x1207.jpg 1536w, https:\/\/la-marque.org\/wp-content\/uploads\/2026\/01\/en-gii-2025-results-figure-1-the-gii-dynamo-top-15-innovators-2048x1610.jpg 2048w, https:\/\/la-marque.org\/wp-content\/uploads\/2026\/01\/en-gii-2025-results-figure-1-the-gii-dynamo-top-15-innovators-1200x943.jpg 1200w, https:\/\/la-marque.org\/wp-content\/uploads\/2026\/01\/en-gii-2025-results-figure-1-the-gii-dynamo-top-15-innovators-1980x1556.jpg 1980w\" sizes=\"auto, (max-width: 1024px) 100vw, 1024px\" \/><figcaption class=\"wp-element-caption\">The top 15 innovators, 2021\u20132025 &#8211; source <a href=\"https:\/\/www.wipo.int\/web-publications\/global-innovation-index-2025\/en\/gii-2025-results.html\" target=\"_blank\" rel=\"noreferrer noopener\">wipo<\/a><\/figcaption><\/figure>\n\n\n\n<p><strong>Mise \u00e0 jour :<\/strong> 3 janvier 2026<br><strong>Date de publication initiale<\/strong> : 14 septembre 2018<\/p>\n\n\n\n<p><\/p>\n","protected":false},"excerpt":{"rendered":"<p>L&rsquo;invention et l&rsquo;innovation sont les fruits de la recherche et du d\u00e9veloppement (R&amp;D). Elles visent \u00e0 cr\u00e9er du nouveau ou am\u00e9liorer l&rsquo;existant. Elles s&rsquo;imposent dans tous les secteurs d&rsquo;activit\u00e9s qu&rsquo;ils soient priv\u00e9s ou publics comme un imp\u00e9ratif \u00e9conomique, parfois \u00e9cologique et cela sur fond de comp\u00e9titivit\u00e9, de diff\u00e9renciation, d&rsquo;attente des consommateurs, de d\u00e9fis soci\u00e9taux, de [&hellip;]<\/p>\n","protected":false},"author":1,"featured_media":0,"parent":0,"menu_order":0,"comment_status":"closed","ping_status":"closed","template":"","meta":{"footnotes":""},"class_list":["post-292","page","type-page","status-publish","hentry"],"_links":{"self":[{"href":"https:\/\/la-marque.org\/index.php\/wp-json\/wp\/v2\/pages\/292","targetHints":{"allow":["GET"]}}],"collection":[{"href":"https:\/\/la-marque.org\/index.php\/wp-json\/wp\/v2\/pages"}],"about":[{"href":"https:\/\/la-marque.org\/index.php\/wp-json\/wp\/v2\/types\/page"}],"author":[{"embeddable":true,"href":"https:\/\/la-marque.org\/index.php\/wp-json\/wp\/v2\/users\/1"}],"replies":[{"embeddable":true,"href":"https:\/\/la-marque.org\/index.php\/wp-json\/wp\/v2\/comments?post=292"}],"version-history":[{"count":33,"href":"https:\/\/la-marque.org\/index.php\/wp-json\/wp\/v2\/pages\/292\/revisions"}],"predecessor-version":[{"id":3426,"href":"https:\/\/la-marque.org\/index.php\/wp-json\/wp\/v2\/pages\/292\/revisions\/3426"}],"wp:attachment":[{"href":"https:\/\/la-marque.org\/index.php\/wp-json\/wp\/v2\/media?parent=292"}],"curies":[{"name":"wp","href":"https:\/\/api.w.org\/{rel}","templated":true}]}}

<p>L&rsquo;invention et l&rsquo;innovation sont les fruits de la recherche et du développement (R&amp;D). Elles visent à créer du nouveau ou améliorer l&rsquo;existant. Elles s&rsquo;imposent dans tous les secteurs d&rsquo;activités qu&rsquo;ils soient privés ou publics comme un impératif économique, parfois écologique et cela sur fond de compétitivité, de différenciation, d&rsquo;attente des consommateurs, de défis sociétaux, de soucis d&rsquo;efficacité, d&rsquo;optimisation, de réduction de coûts, d&rsquo;augmentation de la productivité… <em>Concernant l&rsquo;innovation stimulée par la contrainte on peut s&rsquo;intéresser à la <a href="https://fr.wikipedia.org/wiki/Hypoth%C3%A8se_de_Porter" target="_blank" rel="noreferrer noopener">théorie de Porter</a></em></p>



<blockquote class="wp-block-quote is-layout-flow wp-block-quote-is-layout-flow">
<p><em>L&rsquo;invention et l&rsquo;innovation pour exister doivent susciter des imaginaires désirables</em>.</p>
</blockquote>



<p>S&rsquo;ingéniant à offrir de nouvelles opportunités tout en créant de nouveaux besoins qui sont autant de frustrations, elles anticipent l&rsquo;avenir, stimulent, motivent l&rsquo;esprit d&rsquo;initiative et l&rsquo;épanouissement individuel. Au nom de ces principes, elles sont convoquées dans de nombreux discours des acteurs économiques pour atteindre des objectifs comme pour justifier de lignes de crédit. Si elles participent à la logique d’abondance, produisent-elles mécaniquement que des bienfaits? Doivent-elles devenir une fin en soi, au point de faire fi des contraintes et des externalités négatives?<br>Avant de se condamner au progrès et à la croissance, réfléchissons à ses finalités et ses conséquences pour passer d’une responsabilité rétrospective de constat à une responsabilité projective d’anticipation des impacts.<br>Notre système économique repose sur la consommation, et plus précisément sur le nombre de consommateurs en capacité financière d&rsquo;acheter. Pour alimenter le rythme de la consommation, les besoins doivent y être en permanence renouvelés via l&rsquo;invention et l’innovation, avec en toile de fond, l’obsolescence programmée. Mais, quels sont exactement nos besoins qui relèvent de l&rsquo;utilité et de la nécessité? Ces inventions et ces innovations les résolvent-elles? Que peut-on dire de nos désirs? A quoi répondent-ils?</p>



<blockquote class="wp-block-quote is-layout-flow wp-block-quote-is-layout-flow">
<p><em>Doit-on laisser le devenir de la planète aux mains de la R&amp;D, des experts, des entreprises, des financiers ?</em></p>
</blockquote>



<p>L&rsquo;augmentation de la démographie et la sortie de la grande pauvreté de populations accentuent les besoins et les contraintes planétaires. L&rsquo;invention, l&rsquo;innovation, l&rsquo;intelligence artificielle, la technologie, la sobriété, l’analyse du cycle de vie des produits, l&rsquo;économie circulaire, la réparation, l&rsquo;entretien, la prise en compte dans la comptabilité de nos impacts sur le capital écologique et humain (méthode CARE) nous éviteront-elles les « nuisances » d&rsquo;aujourd&rsquo;hui et qui demain s&rsquo;appelleront « ? ». On peut certes, changer nos manières d’innover, de fabriquer, de consommer, mettre en œuvre des réglementations et des incitations, mener des campagnes d&rsquo;informations… mais, sans contraindre la démographie le résultat risque d&rsquo;être insuffisant pour que les générations futures vivent dans un cadre de vie satisfaisant.</p>



<h4 class="wp-block-heading" id="titre-tableau-figure1_radio1">Dépense intérieure en R&amp;D des Marques nation de l&rsquo;union européenne</h4>



<figure class="wp-block-table"><table class="has-fixed-layout"><thead><tr><th rowspan="2">Pays</th><th>Dépense intérieure de R&amp;D</th></tr><tr><th>2023 (en&nbsp;%)</th><th></th></tr></thead><tbody><tr><th>Allemagne</th><td>3,1</td></tr><tr><th>Autriche</th><td>3,2</td></tr><tr><th>Belgique</th><td>3,4</td></tr><tr><th>Bulgarie</th><td>0,8</td></tr><tr><th>Chypre</th><td>0,8</td></tr><tr><th>Croatie</th><td>1,4</td></tr><tr><th>Danemark</th><td>2,9</td></tr><tr><th>Espagne</th><td>1,4</td></tr><tr><th>Estonie</th><td>1,8</td></tr><tr><th>Finlande</th><td>3,0</td></tr><tr><th>France</th><td>2,2</td></tr><tr><th>Grèce</th><td>1,5</td></tr><tr><th>Hongrie</th><td>1,4</td></tr><tr><th>Irlande</th><td>1,0</td></tr><tr><th>Italie</th><td>1,3</td></tr><tr><th>Lettonie</th><td>0,8</td></tr><tr><th>Lituanie</th><td>1,0</td></tr><tr><th>Luxembourg</th><td>1,0</td></tr><tr><th>Malte</th><td>0,7</td></tr><tr><th>Pays-Bas</th><td>2,3</td></tr><tr><th>Pologne</th><td>1,5</td></tr><tr><th>Portugal</th><td>1,7</td></tr><tr><th>République tchèque</th><td>2,0</td></tr><tr><th>Roumanie</th><td>0,5</td></tr><tr><th>Slovaquie</th><td>1,0</td></tr><tr><th>Slovénie</th><td>2,1</td></tr><tr><th>Suède</th><td>3,4</td></tr><tr><td>Zone euro</td><td>2,3</td></tr><tr><td>Union européenne&nbsp;à 27</td><td>2,1</td></tr></tbody></table></figure>



<ul class="wp-block-list">
<li>Source :&nbsp;Eurostat&nbsp;(extraction de décembre 2024).<br>Source : <a href="https://www.insee.fr/fr/statistiques/4267606" target="_blank" rel="noreferrer noopener">Insee</a></li>
</ul>



<h4 class="wp-block-heading">Budget 2022 consacré à la R&amp;D, en milliards de dollars</h4>



<p><strong>R&amp;D Investment by the 10 Biggest Nasdaq Firms</strong></p>



<figure class="wp-block-table"><table><thead><tr><th>Rank</th><th>Name</th><th>R&amp;D % of Revenue</th><th>R&amp;D Spend in 2022*<br>(Billions)</th></tr></thead><tbody><tr><td>1</td><td>Amazon</td><td>14%</td><td>$73.2</td></tr><tr><td>2</td><td>Alphabet</td><td>14%</td><td>$39.5</td></tr><tr><td>3</td><td>Meta</td><td>30%</td><td>$35.3</td></tr><tr><td>4</td><td>Apple</td><td>7%</td><td>$27.7</td></tr><tr><td>5</td><td>Microsoft</td><td>13%</td><td>$26.6</td></tr><tr><td>6</td><td>Nvidia</td><td>27%</td><td>$7.3</td></tr><tr><td>7</td><td>Broadcom</td><td>14%</td><td>$4.9</td></tr><tr><td>8</td><td>ASML</td><td>15%</td><td>$3.3</td></tr><tr><td>9</td><td>Tesla</td><td>4%</td><td>$3.1</td></tr><tr><td>10</td><td>PepsiCo</td><td>1%</td><td>$0.8</td></tr></tbody></table><figcaption class="wp-element-caption">source : <a href="https://www.visualcapitalist.com/cp/ranked-the-10-biggest-nasdaq-companies-by-rd-investment/">https://www.visualcapitalist.com/cp/ranked-the-10-biggest-nasdaq-companies-by-rd-investment/</a></figcaption></figure>



<p>*Trailing 12 months, ending December 31, 2022. Nvidia and Broadcom data is as of January 29, 2023.</p>



<h4 class="wp-block-heading">Budget 2017 consacré à la R&amp;D, en milliards de dollars</h4>



<p>Amazon : 22.62<br>Alphabet : 16.625<br>Intel : 13.143<br>Microsoft : 12.292<br>Apple : 11.581<br>Johnson &amp; Johnson : 10.389<br>Merck : 9.573<br>Ford : 8<br>Facebook : 7.754<br>Pfizer : 7.619<br>General Motors : 7.3<br>Oracle : 6.159<br>Cisco : 6.059<br>Celgene : 5.915<br>Qualcomm : 5.465<br>IBM : 5.367</p>



<p><em>Note, FactSet considers Amazon’s “technology and content” spending to be its R&amp;D spending. Despite the language, “content” does not include the cost of making Amazon’s original programming.<br>Source : FacSet, Recode</em></p>



<h4 class="wp-block-heading">Indice mondial de l&rsquo;innovation</h4>



<p>Pour l’essentiel, l<a href="https://www.wipo.int/web-publications/global-innovation-index-2025/en/gii-2025-at-a-glance.html" target="_blank" rel="noreferrer noopener">’Indice mondial de l’innovation 2025</a> révèle qui sont les chefs de file en matière d’innovation à l’échelle mondiale, classant 139 économies.</p>



<figure class="wp-block-image size-large"><img loading="lazy" decoding="async" width="1024" height="805" src="https://la-marque.org/wp-content/uploads/2026/01/en-gii-2025-results-figure-1-the-gii-dynamo-top-15-innovators-1024x805.jpg" alt="" class="wp-image-3424" srcset="https://la-marque.org/wp-content/uploads/2026/01/en-gii-2025-results-figure-1-the-gii-dynamo-top-15-innovators-1024x805.jpg 1024w, https://la-marque.org/wp-content/uploads/2026/01/en-gii-2025-results-figure-1-the-gii-dynamo-top-15-innovators-300x236.jpg 300w, https://la-marque.org/wp-content/uploads/2026/01/en-gii-2025-results-figure-1-the-gii-dynamo-top-15-innovators-768x604.jpg 768w, https://la-marque.org/wp-content/uploads/2026/01/en-gii-2025-results-figure-1-the-gii-dynamo-top-15-innovators-1536x1207.jpg 1536w, https://la-marque.org/wp-content/uploads/2026/01/en-gii-2025-results-figure-1-the-gii-dynamo-top-15-innovators-2048x1610.jpg 2048w, https://la-marque.org/wp-content/uploads/2026/01/en-gii-2025-results-figure-1-the-gii-dynamo-top-15-innovators-1200x943.jpg 1200w, https://la-marque.org/wp-content/uploads/2026/01/en-gii-2025-results-figure-1-the-gii-dynamo-top-15-innovators-1980x1556.jpg 1980w" sizes="auto, (max-width: 1024px) 100vw, 1024px" /><figcaption class="wp-element-caption">The top 15 innovators, 2021–2025 &#8211; source <a href="https://www.wipo.int/web-publications/global-innovation-index-2025/en/gii-2025-results.html" target="_blank" rel="noreferrer noopener">wipo</a></figcaption></figure>



<p><strong>Mise à jour :</strong> 3 janvier 2026<br><strong>Date de publication initiale</strong> : 14 septembre 2018</p>



<p></p>

<p>L&rsquo;invention et l&rsquo;innovation sont les fruits de la recherche et du développement (R&amp;D). Elles visent à créer du nouveau ou améliorer l&rsquo;existant. Elles s&rsquo;imposent dans tous les secteurs d&rsquo;activités qu&rsquo;ils soient privés ou publics comme un impératif économique, parfois écologique et cela sur fond de compétitivité, de différenciation, d&rsquo;attente des consommateurs, de défis sociétaux, de [&hellip;]</p>
