{"id":178,"date":"2020-01-17T18:31:29","date_gmt":"2020-01-17T18:31:29","guid":{"rendered":"https:\/\/la-marque.org\/?page_id=178"},"modified":"2021-05-22T15:39:12","modified_gmt":"2021-05-22T15:39:12","slug":"avertissement","status":"publish","type":"page","link":"https:\/\/la-marque.org\/index.php\/avertissement\/","title":{"rendered":"Avertissement"},"content":{"rendered":"\n<ul class=\"wp-block-list\"><li>Je vous encourage \u00e0 profiter de votre intelligence et de votre libert\u00e9 pour diff\u00e9rencier ce qui rel\u00e8ve de l&rsquo;analyse, de la futilit\u00e9 intellectuelle mais aussi pour identifier les<em> \u00ab\u00a0non-sens, les remarques sans int\u00e9r\u00eat ni importance, les banalit\u00e9s  prises pour remarquables, les confusions de \u00ab points \u00bb ordinaires avec  des points singuliers, les probl\u00e8mes mal pos\u00e9s ou d\u00e9tourn\u00e9s de leur sens  (Gilles Deleuze)\u00a0\u00bb<\/em> sans oublier les absurdit\u00e9s et les erreurs de logique dont souffrent ce site.<\/li><li>Les articles ne sont pas des r\u00e9sum\u00e9s des ouvrages recommand\u00e9s en  fin d&rsquo;articles. Il ne s&rsquo;agirait pas d&rsquo;attribuer des r\u00e9flexions ou des  propos \u00e0 des auteurs qui ne se sont jamais exprim\u00e9s sur ce sujet,  except\u00e9 si la citation est entre guillemets sous r\u00e9serve de la nature  des contextes.<\/li><li>Cette \u00e9tude int\u00e8gre ses propres limites. Sans doute ne suis-je  qu&rsquo;un consommateur \u00e0 la recherche de ce qui le commande. De toute  \u00e9vidence ma pens\u00e9e n&rsquo;est pas ext\u00e9rieure \u00e0 l&rsquo;objet \u00e9tudi\u00e9 au risque m\u00eame  de n&rsquo;\u00eatre que le produit de celui-ci. D&rsquo;un c\u00f4t\u00e9 si on ne sait rien on ne  voit rien. De l&rsquo;autre,\u00a0si on sait quelque chose on risque d&rsquo;approcher  les questions \u00e0 partir de ses sch\u00e8mes de pens\u00e9e\u00a0oubliant que l&rsquo;on  regarde et juge toujours depuis sa situation particuli\u00e8re, g\u00e9ographique, politique ou autres pour finalement ne voir que ce qu&rsquo;on sait. Dans ces  conditions, faire un pas de c\u00f4t\u00e9 pour observer rel\u00e8ve de l&rsquo;hygi\u00e8ne  mentale.<\/li><li>Aucun des liens qui vous est propos\u00e9 n&rsquo;est sponsoris\u00e9.<\/li><\/ul>\n\n\n\n<p>Mise \u00e0 jour : 22 mai 2021<\/p>\n","protected":false},"excerpt":{"rendered":"<p>Je vous encourage \u00e0 profiter de votre intelligence et de votre libert\u00e9 pour diff\u00e9rencier ce qui rel\u00e8ve de l&rsquo;analyse, de la futilit\u00e9 intellectuelle mais aussi pour identifier les \u00ab\u00a0non-sens, les remarques sans int\u00e9r\u00eat ni importance, les banalit\u00e9s prises pour remarquables, les confusions de \u00ab points \u00bb ordinaires avec des points singuliers, les probl\u00e8mes mal pos\u00e9s [&hellip;]<\/p>\n","protected":false},"author":1,"featured_media":0,"parent":0,"menu_order":0,"comment_status":"closed","ping_status":"closed","template":"","meta":{"footnotes":""},"class_list":["post-178","page","type-page","status-publish","hentry"],"_links":{"self":[{"href":"https:\/\/la-marque.org\/index.php\/wp-json\/wp\/v2\/pages\/178","targetHints":{"allow":["GET"]}}],"collection":[{"href":"https:\/\/la-marque.org\/index.php\/wp-json\/wp\/v2\/pages"}],"about":[{"href":"https:\/\/la-marque.org\/index.php\/wp-json\/wp\/v2\/types\/page"}],"author":[{"embeddable":true,"href":"https:\/\/la-marque.org\/index.php\/wp-json\/wp\/v2\/users\/1"}],"replies":[{"embeddable":true,"href":"https:\/\/la-marque.org\/index.php\/wp-json\/wp\/v2\/comments?post=178"}],"version-history":[{"count":5,"href":"https:\/\/la-marque.org\/index.php\/wp-json\/wp\/v2\/pages\/178\/revisions"}],"predecessor-version":[{"id":1418,"href":"https:\/\/la-marque.org\/index.php\/wp-json\/wp\/v2\/pages\/178\/revisions\/1418"}],"wp:attachment":[{"href":"https:\/\/la-marque.org\/index.php\/wp-json\/wp\/v2\/media?parent=178"}],"curies":[{"name":"wp","href":"https:\/\/api.w.org\/{rel}","templated":true}]}}