{"id":1447,"date":"2021-06-28T14:50:29","date_gmt":"2021-06-28T14:50:29","guid":{"rendered":"https:\/\/la-marque.org\/?page_id=1447"},"modified":"2021-07-28T16:15:52","modified_gmt":"2021-07-28T16:15:52","slug":"1447-2","status":"publish","type":"page","link":"https:\/\/la-marque.org\/index.php\/1447-2\/","title":{"rendered":"L&rsquo;effacement des peuples au profit des consommateurs"},"content":{"rendered":"\n<p class=\"has-drop-cap\">Au fur et \u00e0 mesure que la globalisation se g\u00e9n\u00e9ralise, la figure du peuple s&rsquo;estompe au profit de celle du consommateur. Si ces deux termes concernent le social ils rel\u00e8vent de deux cat\u00e9gories distinctes, \u00e0 savoir, le politique pour le premier et l&rsquo;\u00e9conomique pour le second.<\/p>\n\n\n\n<h4 class=\"wp-block-heading\">Le peuple<\/h4>\n\n\n\n<p>L&rsquo;unit\u00e9 autour de m\u0153urs, de traditions, d&rsquo;une langue, d&rsquo;une religion, mais aussi des sentiments et de l&rsquo;imagination soumis au m\u00eame processus de d\u00e9veloppement socio-culturel a pour cons\u00e9quence de donner une unit\u00e9 \u00e0 la fois naturelle et historique quasi organique \u00e0 un peuple. En partageant un sens commun identique le peuple organise sa vie en soci\u00e9t\u00e9. Il s&rsquo;ensuit une volont\u00e9 collective qui conduit vers un destin commun avec la cons\u00e9quence pour le peuple de s&rsquo;attribuer un nom qui est le fruit de son histoire.<br>Les peuples sont ainsi la cons\u00e9quence de regroupements locaux qui \u00e9voluent vers une organisation \u00e9tatique symbole de stabilit\u00e9 dont les territoires se mat\u00e9rialisent par des fronti\u00e8res. La communaut\u00e9 devient alors citoyenne d&rsquo;un \u00c9tat. En France avant de devenir citoyen d&rsquo;une R\u00e9publique les individus \u00e9taient les sujets d&rsquo;un roi.<\/p>\n\n\n\n<blockquote class=\"wp-block-quote is-layout-flow wp-block-quote-is-layout-flow\"><p>\u00ab [&#8230;]\u00a0(un) peuple est le rassemblement d&rsquo;une multitude d&rsquo;individus qui se sont associ\u00e9s en vertu d&rsquo;un accord sur le droit et d&rsquo;une communaut\u00e9 d&rsquo;int\u00e9r\u00eats. \u00bb (Cic\u00e9ron &#8211; <em>La r\u00e9publique<\/em>, livre 1 &#8211; Les belles lettres)<\/p><cite><a href=\"https:\/\/www.google.fr\/books\/edition\/Cicero\/_5qiVjHk2QUC?hl=fr&amp;gbpv=1&amp;printsec=frontcover\" target=\"_blank\" rel=\"noreferrer noopener\">Cicero\/Cic\u00e9ron, De republica<\/a><\/cite><\/blockquote>\n\n\n\n<p>Un peuple d\u00e9lib\u00e8re, \u00e9crit sa propre l\u00e9gislation. C&rsquo;est un corps politique, juridique dot\u00e9 d&rsquo;un \u00e9tat civil, s&rsquo;inscrivant dans le droit international celui par exemple qu&rsquo;ont les peuples \u00e0 disposer d&rsquo;eux-m\u00eames.<br>Lorsque l&rsquo;on s&rsquo;int\u00e9resse au mot peuple on croise au fil de ses rencontres nombre de termes dont les significations varient selon les \u00e9poques, les espaces g\u00e9ographiques et les langues. Ils sont gros de contresens et d\u2019ambigu\u00eft\u00e9, en voici plusieurs exemples&nbsp;:<br>Grec&nbsp;: <a rel=\"noreferrer noopener\" href=\"https:\/\/fr.wikipedia.org\/wiki\/D%C3%A8mos\" target=\"_blank\">d\u00eamos<\/a>, <a rel=\"noreferrer noopener\" href=\"https:\/\/fr.wikipedia.org\/wiki\/Genos_(Gr%C3%A8ce_antique)\" target=\"_blank\">genos<\/a>, <a rel=\"noreferrer noopener\" href=\"https:\/\/fr.wikipedia.org\/wiki\/Ethnos\" target=\"_blank\">ethnos<\/a>, <a rel=\"noreferrer noopener\" href=\"https:\/\/fr.wiktionary.org\/wiki\/%CE%BB%CE%B1%CF%8C%CF%82\" target=\"_blank\">laos<\/a>, <a rel=\"noreferrer noopener\" href=\"https:\/\/fr.wikipedia.org\/wiki\/Ochlocratie\" target=\"_blank\">okhlos<\/a>, <a rel=\"noreferrer noopener\" href=\"https:\/\/fr.wiktionary.org\/wiki\/%CF%80%CE%BB%E1%BF%86%CE%B8%CE%BF%CF%82\" target=\"_blank\">pl\u00eathos<\/a>, <a rel=\"noreferrer noopener\" href=\"https:\/\/en.wikipedia.org\/wiki\/Hoi_polloi\" target=\"_blank\">hoi polloi<\/a><br>Latin&nbsp;: <a rel=\"noreferrer noopener\" href=\"https:\/\/gaffiot.fr\/#1%20populus\" target=\"_blank\">populus<\/a>, <a rel=\"noreferrer noopener\" href=\"https:\/\/gaffiot.fr\/#gens\" target=\"_blank\">gens<\/a>, <a rel=\"noreferrer noopener\" href=\"https:\/\/gaffiot.fr\/#natio\" target=\"_blank\">natio<\/a>, <a rel=\"noreferrer noopener\" href=\"https:\/\/gaffiot.fr\/#plebs\" target=\"_blank\">plebs<\/a><br>Allemand&nbsp;: <a rel=\"noreferrer noopener\" href=\"https:\/\/fr.wikipedia.org\/wiki\/Mouvement_v%C3%B6lkisch\" target=\"_blank\">Volk<\/a>, Rasse, Nation<br>Anglais&nbsp;: people, race, nation<br>Italien&nbsp;: popolo (Gramsci)<br>En fran\u00e7ais, le mot \u00ab&nbsp;peuple&nbsp;\u00bb \u00e9voque celui d&rsquo;une communaut\u00e9 auquel on accole parfois une connotation p\u00e9jorative.<\/p>\n\n\n\n<h4 class=\"wp-block-heading\">Les consommateurs <\/h4>\n\n\n\n<p>(<a rel=\"noreferrer noopener\" href=\"https:\/\/la-marque.org\/index.php\/caracteristiques-des-consommateurs\/\" target=\"_blank\">voir aussi caract\u00e9ristiques des consommateurs<\/a>) <br>\u00ab&nbsp;Consommateur&nbsp;\u00bb est un terme savant utilis\u00e9 par les \u00e9conomistes depuis le XVIII<sup>e<\/sup> si\u00e8cle selon Louis Pinto (<em>\u00ab\u00a0L&rsquo;invention du consommateur\u00a0\u00bb<\/em> paru aux puf). Il est le fruit d&rsquo;un processus qui commen\u00e7a avec la r\u00e9volution industrielle, prit son essor sous les Trente glorieuses, p\u00e9riode pendant laquelle s&rsquo;achev\u00e8rent les transformations \u00e9conomiques et sociales qui nous conduisirent \u00e0 une soci\u00e9t\u00e9 d&rsquo;abondance et qui firent des citoyens des consommateurs \u00e0 part enti\u00e8re.<br>Les consommateurs habitent la sph\u00e8re du domestique qui se d\u00e9ploie dans un espace \u00e9conomique et social. Leur finalit\u00e9 n&rsquo;est plus celle de vivre mais celle de bien vivre. Ils diff\u00e8rent entre eux par le fait qu&rsquo;ils soient riches ou pauvre, homme ou femme, jeune ou vieux\u2026 cependant ils partagent un principe identique, celui d&rsquo;\u00eatre en mesure de consommer, de s&rsquo;approprier des biens. Pour cela ils choisissent et d\u00e9cident par eux-m\u00eames.<\/p>\n\n\n\n<blockquote class=\"wp-block-quote is-layout-flow wp-block-quote-is-layout-flow\"><p>\u00ab&nbsp;La consommation c&rsquo;est de la libert\u00e9 exprim\u00e9e par de la d\u00e9pense, une r\u00e9ponse \u00e0 la coercition et la frustration.&nbsp;\u00bb C&rsquo;est aussi le domaine o\u00f9 le citoyen exerce sa souverainet\u00e9 (pouvoir-puissance).<\/p><\/blockquote>\n\n\n\n<p>Si le consommateur est autonome et responsable il est aussi un client \u00e0 satisfaire, reconnu comme un sujet ayant des droits qui sont prot\u00e9g\u00e9s juridiquement.<br>L&rsquo;existence des consommateurs est soumise \u00e0 un renouvellement constant de services et de produits. Par voie de cons\u00e9quence les consommateurs s&rsquo;inscrivent dans le cycle production \u2013 distribution \u2013 consommation.<br>Les Marques en nous apprenant ce que sont les autres consommateurs nous indiquent ce que nous devons devenir. Les Marques soumettent ainsi les consommateurs \u00e0 un processus d\u2019homog\u00e9n\u00e9isation des peuples en rendant les consommateurs semblables entre eux par mim\u00e9tisme.<br>Si le consommateur est devenu si important dans nos soci\u00e9t\u00e9s c&rsquo;est que la consommation est devenue le moteur de l&rsquo;\u00e9conomie et que consommer est devenue une finalit\u00e9 pour nombre d&rsquo;entre nous.<\/p>\n\n\n\n<h4 class=\"wp-block-heading\">Comparaison entre \u00ab\u00a0les consommateurs\u00a0\u00bb et \u00a0\u00bb le peuple\u00a0\u00bb&nbsp;: du semblable au diff\u00e9rent, quelles relations entretiennent-ils entre eux ?<\/h4>\n\n\n\n<p>Les consommateurs comme le peuple se composent d&rsquo;\u00eatres vivants capables de se reproduire de fa\u00e7on similaires sans \u00eatre identiques pour autant. Ils sont capables d&rsquo;\u00e9changer avec leur environnement et de s&rsquo;adapter \u00e0 ses contraintes.<br>L&rsquo;histoire des peuples et des cultures s&rsquo;\u00e9tend sur plusieurs mill\u00e9naires, celle des consommateurs est plus r\u00e9cente. Face au nous du peuple se dresse avec l&rsquo;industrialisation, la reproduction et la r\u00e9volution \u00e9conomique la figure du moi issu de la modernit\u00e9 incarn\u00e9e par le consommateur.<br>Le mot \u00ab&nbsp;peuple&nbsp;\u00bb s&#8217;emploie le plus souvent au singulier tandis que le mot \u00ab&nbsp;consommateur&nbsp;\u00bb s&#8217;emploie, lui, g\u00e9n\u00e9ralement au pluriel.<br>D&rsquo;un c\u00f4t\u00e9 nous avons le bien public qui appartient \u00e0 tous et de l&rsquo;autre le bien marchand qui est le privil\u00e8ge d&rsquo;un consommateur qui peut l&rsquo;acqu\u00e9rir. On glisse ainsi de l&rsquo;int\u00e9r\u00eat g\u00e9n\u00e9ral avec le peuple vers l&rsquo;int\u00e9r\u00eat particulier du consommateur.<br>L\u00e0 o\u00f9 r\u00e8gne le national avec le peuple, s&rsquo;exprime l&rsquo;international, le global, le plan\u00e9taire des consommateurs. Ce qui n&#8217;emp\u00eache pas les consommateurs de faire partie d&rsquo;un peuple.<br>Si l&rsquo;on peut tracer une g\u00e9ographie des peuples avec ses fronti\u00e8res physiques, les fronti\u00e8res entre consommateurs sont de l&rsquo;ordre du revenu et du pouvoir d&rsquo;achat. Le peuple lui, tire sa l\u00e9gitimit\u00e9 des institutions tandis que le consommateur tire sa l\u00e9gitimit\u00e9 de sa puissance d&rsquo;achat et des Marques. Toutes deux sont des pens\u00e9es de la d\u00e9pendance.<br>L\u00e0 o\u00f9 le peuple habite une (sa) nation les consommateurs habitent une soci\u00e9t\u00e9 de consommation. Ainsi le mot consommateurs fait-il r\u00e9f\u00e9rence \u00e0 l&rsquo;\u00e9conomie tandis que le mot peuple renvoie au politique, \u00e0 l&rsquo;ethnique, l&rsquo;id\u00e9ologique, le religieux.<br>Les exclus parmi le peuple sont ceux qui sont priv\u00e9s des droits civiques, chez les consommateurs ce sont ceux sans moyens financiers.<\/p>\n\n\n\n<blockquote class=\"wp-block-quote is-layout-flow wp-block-quote-is-layout-flow\"><p>Le peuple a-t-il les m\u00eames vices et les m\u00eames vertus&nbsp;que les consommateurs? Ou pour le dire autrement, l&rsquo;int\u00e9r\u00eat g\u00e9n\u00e9ral et l&rsquo;int\u00e9r\u00eat particulier partagent-t-ils des vices et des vertus identiques&nbsp;?<\/p><\/blockquote>\n\n\n\n<p>Les peuples comme les consommateurs en agissant sur la r\u00e9alit\u00e9 contribuent \u00e0 faire advenir l&rsquo;histoire. Cependant, si les consommateurs en arrivent \u00e0 effacer les peuples cela voudra dire que l&rsquo;\u00e9conomie aura pris le pas sur le politique, qu&rsquo;elle aura transform\u00e9 l&rsquo;origine historique en un devenir commercial au point que les consommateurs soient devenus les agents moteurs qui fa\u00e7onneront notre civilisation.<\/p>\n\n\n\n<p>Date de publication : 28 juillet 2021<\/p>\n","protected":false},"excerpt":{"rendered":"<p>Au fur et \u00e0 mesure que la globalisation se g\u00e9n\u00e9ralise, la figure du peuple s&rsquo;estompe au profit de celle du consommateur. Si ces deux termes concernent le social ils rel\u00e8vent de deux cat\u00e9gories distinctes, \u00e0 savoir, le politique pour le premier et l&rsquo;\u00e9conomique pour le second. Le peuple L&rsquo;unit\u00e9 autour de m\u0153urs, de traditions, d&rsquo;une [&hellip;]<\/p>\n","protected":false},"author":1,"featured_media":0,"parent":0,"menu_order":0,"comment_status":"closed","ping_status":"closed","template":"","meta":{"footnotes":""},"class_list":["post-1447","page","type-page","status-publish","hentry"],"_links":{"self":[{"href":"https:\/\/la-marque.org\/index.php\/wp-json\/wp\/v2\/pages\/1447","targetHints":{"allow":["GET"]}}],"collection":[{"href":"https:\/\/la-marque.org\/index.php\/wp-json\/wp\/v2\/pages"}],"about":[{"href":"https:\/\/la-marque.org\/index.php\/wp-json\/wp\/v2\/types\/page"}],"author":[{"embeddable":true,"href":"https:\/\/la-marque.org\/index.php\/wp-json\/wp\/v2\/users\/1"}],"replies":[{"embeddable":true,"href":"https:\/\/la-marque.org\/index.php\/wp-json\/wp\/v2\/comments?post=1447"}],"version-history":[{"count":18,"href":"https:\/\/la-marque.org\/index.php\/wp-json\/wp\/v2\/pages\/1447\/revisions"}],"predecessor-version":[{"id":1497,"href":"https:\/\/la-marque.org\/index.php\/wp-json\/wp\/v2\/pages\/1447\/revisions\/1497"}],"wp:attachment":[{"href":"https:\/\/la-marque.org\/index.php\/wp-json\/wp\/v2\/media?parent=1447"}],"curies":[{"name":"wp","href":"https:\/\/api.w.org\/{rel}","templated":true}]}}